-- https://www.phpmyadmin.net/
--

START TRANSACTION;



--
-- Database: `digicond_nagad`
--

-- --------------------------------------------------------

--
-- Table structure for table `audit_updates`
--

CREATE TABLE `audit_updates` (
  `id` bigint(20) UNSIGNED NOT NULL,
  `basic_response_id` varchar(191) COLLATE utf8mb4_unicode_ci NOT NULL,
  `user_id` varchar(191) COLLATE utf8mb4_unicode_ci NOT NULL,
  `status` varchar(191) COLLATE utf8mb4_unicode_ci NOT NULL DEFAULT 'Requested',
  `created_at` timestamp NULL DEFAULT NULL,
  `updated_at` timestamp NULL DEFAULT NULL
) ENGINE=InnoDB DEFAULT CHARSET=utf8mb4 COLLATE=utf8mb4_unicode_ci;

--
-- Dumping data for table `audit_updates`
--

INSERT INTO `audit_updates` (`id`, `basic_response_id`, `user_id`, `status`, `created_at`, `updated_at`) VALUES
(1, '3', '2', 'Requested', '2021-08-09 13:01:30', '2021-08-09 13:01:30'),
(2, '1', '1', 'Requested', '2021-08-26 15:13:49', '2021-08-26 15:13:49'),
(3, '3', '3', 'Accepted', '2021-08-30 09:24:42', '2021-09-26 11:31:17'),
(4, '10', '16', 'Accepted', '2021-09-26 14:08:35', '2021-09-26 14:08:52'),
(5, '12', '16', 'Accepted', '2021-10-03 00:59:49', '2021-10-03 01:00:25'),
(6, '36', '3', 'Requested', '2022-06-23 16:03:34', '2022-06-23 16:03:34');

-- --------------------------------------------------------

--
-- Table structure for table `basic_responses`
--

CREATE TABLE `basic_responses` (
  `id` bigint(20) UNSIGNED NOT NULL,
  `employee_id` varchar(191) COLLATE utf8mb4_unicode_ci NOT NULL,
  `user_id` varchar(191) COLLATE utf8mb4_unicode_ci NOT NULL,
  `category_id` varchar(191) COLLATE utf8mb4_unicode_ci NOT NULL,
  `contact_date` date NOT NULL,
  `evaluation_date` date NOT NULL,
  `msisdn` varchar(191) COLLATE utf8mb4_unicode_ci NOT NULL,
  `week` varchar(191) COLLATE utf8mb4_unicode_ci NOT NULL,
  `accurate_wrap` varchar(191) COLLATE utf8mb4_unicode_ci NOT NULL,
  `total_score` varchar(191) COLLATE utf8mb4_unicode_ci NOT NULL,
  `remarks` text COLLATE utf8mb4_unicode_ci NOT NULL,
  `tenure` varchar(191) COLLATE utf8mb4_unicode_ci NOT NULL,
  `created_at` timestamp NULL DEFAULT NULL,
  `updated_at` timestamp NULL DEFAULT NULL
) ENGINE=InnoDB DEFAULT CHARSET=utf8mb4 COLLATE=utf8mb4_unicode_ci;

--
-- Dumping data for table `basic_responses`
--

INSERT INTO `basic_responses` (`id`, `employee_id`, `user_id`, `category_id`, `contact_date`, `evaluation_date`, `msisdn`, `week`, `accurate_wrap`, `total_score`, `remarks`, `tenure`, `created_at`, `updated_at`) VALUES
(1, '3', '9', '6', '2021-08-06', '2021-08-07', '01610061616', 'Week 1', '1', '0', 'Test', '180+', '2021-08-07 13:27:25', '2021-08-07 13:27:25'),
(2, '4', '9', '5', '2021-08-07', '2021-08-08', '01716559314', 'Week 2', '1', '0', 'Test Purpose', '31 - 60', '2021-08-08 10:03:12', '2021-08-08 10:03:12'),
(3, '1', '2', '2', '2021-08-10', '2021-08-09', '1670959393', 'Week 2', '1', '0', 'asdfg', '0 TO 30 DAYS', '2021-08-09 12:55:07', '2021-08-09 12:55:07'),
(4, '2', '2', '2', '2021-08-08', '2021-08-09', '01670959393', 'Week 5', '1', '0', 'testing 2', '0 to 30 days', '2021-08-09 13:10:07', '2021-08-09 13:10:07'),
(5, '1', '3', '2', '2021-08-28', '2021-08-28', '12482937436', 'Week 4', '1', '0', 'test', '60+', '2021-08-28 17:35:37', '2021-08-28 17:35:37'),
(6, '41', '9', '15', '2021-08-24', '2021-08-29', '01670959393', 'Week 4', '1', '0', 'NEED MORE ORGANIZED SERVICE,', '0 to 30 days', '2021-08-29 16:21:18', '2021-08-29 16:21:18'),
(7, '45', '16', '20', '2021-09-26', '2021-09-26', 'sdsd', 'Week 2', '20', 'ssd', 'sds', 'asas', '2021-09-26 11:48:10', '2021-09-26 11:48:10'),
(8, '45', '16', '21', '2021-09-26', '2021-09-26', '45465', 'Week 2', '21', 'wrong', 'dsd', 'ten', '2021-09-26 12:01:17', '2021-09-26 12:01:17'),
(9, '46', '16', '23', '2021-09-26', '2021-09-26', '45465', 'Week 3', '23', 'wrong', 'asa', 'ten', '2021-09-26 12:29:02', '2021-09-26 12:29:02'),
(10, '48', '16', '22', '2021-09-25', '2021-09-26', '1610002345', 'Week 4', '22', 'n/a', 'Need more organized service', '0 to 30 days', '2021-09-26 13:55:06', '2021-09-26 13:55:06'),
(11, '53', '16', '24', '2021-09-24', '2021-09-26', '1670289587', 'Week 4', '24', 'N/A', 'Remark: Need more polite words in call', '31 to 60 days', '2021-09-26 14:11:19', '2021-09-26 14:11:19'),
(12, '47', '16', '20', '2021-10-03', '2021-10-03', '45465', 'Week 1', 'happy call', 'wrong', 'sdsd', 'ten', '2021-10-03 00:52:13', '2021-10-03 00:52:13'),
(13, '48', '16', '21', '2021-10-01', '2021-10-04', '1632676236', 'Week 1', 'water purifier', 'N/A', 'Need more organized service.', '180 to 365 days', '2021-10-04 15:45:15', '2021-10-04 15:45:15'),
(14, '52', '16', '22', '2021-10-03', '2021-10-04', '1670289587', 'Week 1', 'freezer', 'n/a', 'Opening & closing missing', '0 to 30 days', '2021-10-04 15:51:31', '2021-10-04 15:51:31'),
(15, '54', '16', '20', '2021-10-03', '2021-10-04', '1670959393', 'Week 1', 'happy call', 'N/A', 'Need to maintain holding procedure', '31 to 60 days', '2021-10-04 16:41:02', '2021-10-04 16:41:02'),
(16, '54', '16', '20', '2021-10-03', '2021-10-04', '1670959393', 'Week 1', 'happy call', 'N/A', 'Need to maintain holding procedure', '31 to 60 days', '2021-10-04 16:45:48', '2021-10-04 16:45:48'),
(17, '46', '16', '21', '2021-10-04', '2021-10-06', '122334455667', 'Week 1', 'water purifier', 'N/A', 'Need to improve in Greetings.', '0 to 30', '2021-10-06 09:52:56', '2021-10-06 09:52:56'),
(18, '46', '16', '21', '2021-10-04', '2021-10-06', '12233344556', 'Week 1', 'water purifier', 'N/A', 'Greetings', '0 to 30', '2021-10-06 10:08:20', '2021-10-06 10:08:20'),
(19, '45', '16', '20', '2021-10-09', '2021-10-09', '1632676236', 'Week 2', 'water purifier', 'N/A', 'Opening greeting  missing.', '0 to 30 days', '2021-10-09 10:29:13', '2021-10-09 10:29:13'),
(20, '47', '16', '23', '2021-10-07', '2021-10-09', '8765432190', 'Week 2', 'ac', 'n/a', 'better', '31 to 60', '2021-10-09 10:31:05', '2021-10-09 10:31:05'),
(21, '46', '16', '24', '2021-10-31', '2021-10-31', 'test', 'Week 2', 'others', '2', 'sas', '2', '2021-10-31 12:06:27', '2021-10-31 12:06:27'),
(22, '47', '16', '20', '2021-10-31', '2021-10-31', '45465', 'Week 1', 'happy call', '', 'knk', 'ten', '2021-10-31 12:44:49', '2021-10-31 12:44:49'),
(23, '46', '16', '21', '2021-10-31', '2021-10-31', '868413367', 'Week 2', 'happy call', '', 'kgkjg', '30', '2021-10-31 17:22:22', '2021-10-31 17:22:22'),
(24, '56', '16', '25', '2021-11-02', '2021-11-03', '1670959393', 'Week 1', 'happy call', '', 'Opening & closing missing', '0 to 30 days', '2021-11-03 16:36:31', '2021-11-03 16:36:31'),
(25, '56', '16', '25', '2021-11-02', '2021-11-03', '1632676236', 'Week 2', 'happy call', '', 'Opening & closing missing', '0 to 30 days', '2021-11-03 16:37:41', '2021-11-03 16:37:41'),
(26, '57', '16', '26', '2021-11-02', '2021-11-03', '1632676236', 'Week 1', 'water purifier', '', 'Call was ok', '0 to 30 days', '2021-11-03 16:38:46', '2021-11-03 16:38:46'),
(27, '59', '16', '27', '2021-11-02', '2021-11-03', '1670959393', 'Week 1', 'freezer', '', 'Wrap-up & closing missing', '0 to 30 days', '2021-11-03 16:39:51', '2021-11-03 16:39:51'),
(28, '56', '16', '27', '2021-11-04', '2021-11-04', '45465', 'Week 2', 'water purifier', '88', 'assa', 'ten', '2021-11-04 13:15:45', '2021-11-04 13:15:45'),
(29, '56', '16', '27', '2021-11-06', '2021-11-07', '1632676236', 'Week 1', 'freezer', '86', 'Opening greeting missing', '0 to 30 days', '2021-11-07 09:57:17', '2021-11-07 09:57:17'),
(30, '57', '16', '25', '2021-11-06', '2021-11-07', '1670959393', 'Week 1', 'happy call', '96', 'Missing opening greeting', '0 to 30 days', '2021-11-07 09:58:04', '2021-11-07 09:58:04'),
(31, '58', '16', '28', '2021-11-06', '2021-11-07', '1632676236', 'Week 1', 'ac', '86', 'Missing greeting', '0 to 30 days', '2021-11-07 09:58:51', '2021-11-07 09:58:51'),
(32, '58', '16', '25', '2021-11-06', '2021-11-07', '1632676236', 'Week 1', 'happy call', '0', 'Unprofessional', '0 to 30 days', '2021-11-07 10:06:48', '2021-11-07 10:06:48'),
(33, '56', '16', '25', '2021-11-08', '2021-11-08', '1670959393', 'Week 1', 'happy call', '98', 'Didn\'t maintain holding protocol', '0 to 30 days', '2021-11-08 10:40:59', '2021-11-08 10:40:59'),
(34, '56', '16', '25', '2021-11-15', '2021-11-15', '1632676236', 'Week 2', 'happy call', '100', 'SDASDVSDVS', '0 to 30 days', '2021-11-15 14:43:36', '2021-11-15 14:43:36'),
(35, '57', '16', '26', '2021-11-15', '2021-11-15', '1670959393', 'Week 2', 'water purifier', '96', 'need  more polite words', '0 to 30 days', '2021-11-15 14:51:02', '2021-11-15 14:51:02'),
(36, '1', '3', '1', '2022-06-23', '2022-06-23', '01963326784', 'Week 4', 'Wrap up 1', '93', 'Lethargic voice & pronunciation problem', '0-30 Days', '2022-06-23 11:51:53', '2022-06-23 11:51:53');

-- --------------------------------------------------------

--
-- Table structure for table `categories`
--

CREATE TABLE `categories` (
  `id` bigint(20) UNSIGNED NOT NULL,
  `process_id` varchar(191) COLLATE utf8mb4_unicode_ci NOT NULL,
  `category_name` varchar(191) COLLATE utf8mb4_unicode_ci NOT NULL,
  `status` varchar(191) COLLATE utf8mb4_unicode_ci NOT NULL DEFAULT 'Active',
  `created_at` timestamp NULL DEFAULT NULL,
  `updated_at` timestamp NULL DEFAULT NULL
) ENGINE=InnoDB DEFAULT CHARSET=utf8mb4 COLLATE=utf8mb4_unicode_ci;

--
-- Dumping data for table `categories`
--

INSERT INTO `categories` (`id`, `process_id`, `category_name`, `status`, `created_at`, `updated_at`) VALUES
(1, '1', 'Wrap up 1', 'Active', '2021-07-29 17:52:39', '2021-07-29 17:52:39'),
(2, '1', 'Wrap up 2', 'Active', '2021-07-29 17:52:39', '2021-07-29 17:52:39'),
(3, '1', 'Wrap up 3', 'Active', '2021-07-29 17:52:39', '2021-07-29 17:52:39'),
(4, '3', 'happy call', 'Active', '2021-08-07 13:26:04', '2021-08-07 13:26:04'),
(5, '3', 'water purifier', 'Active', '2021-08-07 13:26:04', '2021-08-07 13:26:04'),
(6, '3', 'freezer', 'Active', '2021-08-07 13:26:04', '2021-08-07 13:26:04'),
(7, '3', 'ac', 'Active', '2021-08-07 13:26:04', '2021-08-07 13:26:04'),
(8, '3', 'others', 'Active', '2021-08-07 13:26:04', '2021-08-07 13:26:04'),
(9, '9', 'FBD-Feed Back Done', 'Active', '2021-08-09 11:45:10', '2021-08-09 11:45:10'),
(10, '9', 'ProRQ-Product Related Query', 'Active', '2021-08-09 11:45:10', '2021-08-09 11:45:10'),
(11, '9', 'SrvCQ-Service center Query', 'Active', '2021-08-09 11:45:10', '2021-08-09 11:45:10'),
(12, '9', 'ProRQ-Product related query', 'Active', '2021-08-09 11:45:10', '2021-08-09 11:45:10'),
(13, '9', 'SrvCQ- service related query', 'Active', '2021-08-09 11:45:10', '2021-08-09 11:45:10'),
(14, '8', 'Wrap up 1', 'Active', '2021-08-29 16:19:16', '2021-08-29 16:19:16'),
(15, '8', 'Wrap up 2', 'Active', '2021-08-29 16:19:16', '2021-08-29 16:19:16'),
(16, '8', 'Wrap up 3', 'Active', '2021-08-29 16:19:16', '2021-08-29 16:19:16'),
(17, '8', 'Wrap up 4', 'Active', '2021-08-29 16:19:16', '2021-08-29 16:19:16'),
(18, '8', 'Wrap up 5', 'Active', '2021-08-29 16:19:16', '2021-08-29 16:19:16'),
(19, '8', 'Wrap up 6', 'Active', '2021-08-29 16:19:16', '2021-08-29 16:19:16'),
(20, '11', 'happy call', 'Active', '2021-09-26 10:53:51', '2021-09-26 10:53:51'),
(21, '11', 'water purifier', 'Active', '2021-09-26 10:53:51', '2021-09-26 10:53:51'),
(22, '11', 'freezer', 'Active', '2021-09-26 10:53:51', '2021-09-26 10:53:51'),
(23, '11', 'ac', 'Active', '2021-09-26 10:53:51', '2021-09-26 10:53:51'),
(24, '11', 'others', 'Active', '2021-09-26 10:53:51', '2021-09-26 10:53:51'),
(25, '12', 'happy call', 'Active', '2021-11-03 16:34:17', '2021-11-03 16:34:17'),
(26, '12', 'water purifier', 'Active', '2021-11-03 16:34:17', '2021-11-03 16:34:17'),
(27, '12', 'freezer', 'Active', '2021-11-03 16:34:17', '2021-11-03 16:34:17'),
(28, '12', 'ac', 'Active', '2021-11-03 16:34:17', '2021-11-03 16:34:17'),
(29, '12', 'others', 'Active', '2021-11-03 16:34:17', '2021-11-03 16:34:17'),
(30, '12', 'Product related query', 'Active', '2021-11-03 16:34:17', '2021-11-03 16:34:17'),
(31, '12', 'Parts related query', 'Active', '2021-11-03 16:34:17', '2021-11-03 16:34:17'),
(32, '12', 'customer care address', 'Active', '2021-11-03 16:34:17', '2021-11-03 16:34:17');

-- --------------------------------------------------------

--
-- Table structure for table `employees`
--

CREATE TABLE `employees` (
  `id` bigint(20) UNSIGNED NOT NULL,
  `emp_id` varchar(191) COLLATE utf8mb4_unicode_ci NOT NULL,
  `employee_name` varchar(191) COLLATE utf8mb4_unicode_ci NOT NULL,
  `tl_id` varchar(191) COLLATE utf8mb4_unicode_ci NOT NULL,
  `qa_id` varchar(191) COLLATE utf8mb4_unicode_ci NOT NULL,
  `process_id` varchar(191) COLLATE utf8mb4_unicode_ci NOT NULL,
  `status` varchar(191) COLLATE utf8mb4_unicode_ci NOT NULL DEFAULT 'Active',
  `created_at` timestamp NULL DEFAULT NULL,
  `updated_at` timestamp NULL DEFAULT NULL
) ENGINE=InnoDB DEFAULT CHARSET=utf8mb4 COLLATE=utf8mb4_unicode_ci;

--
-- Dumping data for table `employees`
--

INSERT INTO `employees` (`id`, `emp_id`, `employee_name`, `tl_id`, `qa_id`, `process_id`, `status`, `created_at`, `updated_at`) VALUES
(1, '8745', 'abc', '1', '3', '1', 'Active', '2021-07-29 17:52:08', '2021-07-29 17:52:08'),
(2, '8756', 'def', '1', '3', '1', 'Active', '2021-07-29 17:52:08', '2021-07-29 17:52:08'),
(3, '10555', 'Safia Sultana', '11', '9', '3', 'Active', '2021-08-07 13:05:56', '2021-08-07 13:05:56'),
(4, '11801', 'Mohammad Jahidul Islam', '11', '9', '3', 'Active', '2021-08-07 13:05:56', '2021-08-07 13:05:56'),
(5, '12025', 'Mir Adnan Mansur', '11', '9', '3', 'Active', '2021-08-07 13:05:56', '2021-08-07 13:05:56'),
(6, '9193', 'Soma Sutradhar', '14', '14', '9', 'Active', '2021-08-09 11:44:38', '2021-08-09 11:44:38'),
(7, '11336', 'Md. Akram Hossain', '14', '14', '9', 'Active', '2021-08-09 11:44:38', '2021-08-09 11:44:38'),
(8, '11594', 'Sahida Akter', '14', '14', '9', 'Active', '2021-08-09 11:44:38', '2021-08-09 11:44:38'),
(9, '11748', 'S. M. Hasibul Islam Joy', '14', '14', '9', 'Active', '2021-08-09 11:44:38', '2021-08-09 11:44:38'),
(10, '11989', 'Sadia Akter', '14', '14', '9', 'Active', '2021-08-09 11:44:38', '2021-08-09 11:44:38'),
(11, '11990', 'Sazzad Hossain Akib', '14', '14', '9', 'Active', '2021-08-09 11:44:38', '2021-08-09 11:44:38'),
(12, '11081', 'Rifat Jahan', '14', '14', '9', 'Active', '2021-08-09 11:44:38', '2021-08-09 11:44:38'),
(13, '10555', 'Safia Sultana', '11', '9', '3', 'Active', '2021-08-28 17:24:00', '2021-08-28 17:24:00'),
(14, '12025', 'Mir Adnan Mansur', '11', '9', '3', 'Active', '2021-08-28 17:24:00', '2021-08-28 17:24:00'),
(15, '12240', 'Mohibur Rahman', '11', '9', '3', 'Active', '2021-08-28 17:24:00', '2021-08-28 17:24:00'),
(16, '11809', 'Md. Abu Raihan', '14', '15', '2', 'Active', '2021-08-28 17:26:37', '2021-08-28 17:26:37'),
(17, '11815', 'Mohammad Shariful Islam', '14', '15', '2', 'Active', '2021-08-28 17:26:37', '2021-08-28 17:26:37'),
(18, '11893', 'Amlan Dewan', '14', '15', '2', 'Active', '2021-08-28 17:26:37', '2021-08-28 17:26:37'),
(19, '12134', 'Tahmina Akter Moon', '14', '15', '2', 'Active', '2021-08-28 17:26:37', '2021-08-28 17:26:37'),
(20, '10867', 'Md Auvyshek Rahman Auvy', '12', '4', '10', 'Active', '2021-08-28 17:27:21', '2021-08-28 17:27:21'),
(21, '10473', 'Mustary Jarin', '12', '4', '10', 'Active', '2021-08-28 17:27:21', '2021-08-28 17:27:21'),
(22, '10423', 'Shahin Iqbal Robin', '12', '4', '10', 'Active', '2021-08-28 17:27:21', '2021-08-28 17:27:21'),
(23, '10197', 'Rajesh Paul', '12', '4', '10', 'Active', '2021-08-28 17:27:21', '2021-08-28 17:27:21'),
(24, '10272', 'Farha Zaman', '12', '4', '10', 'Active', '2021-08-28 17:27:21', '2021-08-28 17:27:21'),
(25, '10876', 'Aisha Khatun Pia', '12', '4', '10', 'Active', '2021-08-28 17:27:21', '2021-08-28 17:27:21'),
(26, '10888', 'Raju Debnath', '12', '4', '10', 'Active', '2021-08-28 17:27:21', '2021-08-28 17:27:21'),
(27, '11935', 'Shahanaz Parvin Rima', '12', '4', '10', 'Active', '2021-08-28 17:27:21', '2021-08-28 17:27:21'),
(28, '11940', 'Shahnaj Arifen', '12', '4', '10', 'Active', '2021-08-28 17:27:21', '2021-08-28 17:27:21'),
(29, '12032', 'Hashina Khatun', '12', '4', '10', 'Active', '2021-08-28 17:27:21', '2021-08-28 17:27:21'),
(30, '12030', 'Kazi Arifujjaman Asrou', '12', '4', '10', 'Active', '2021-08-28 17:27:21', '2021-08-28 17:27:21'),
(31, '12031', 'S.M. Aowul Shadik', '12', '4', '10', 'Active', '2021-08-28 17:27:21', '2021-08-28 17:27:21'),
(32, '12034', 'Mahedi Hasan Iqbal', '12', '4', '10', 'Active', '2021-08-28 17:27:21', '2021-08-28 17:27:21'),
(33, '12138', 'Jelipar Lopas', '12', '4', '10', 'Active', '2021-08-28 17:27:21', '2021-08-28 17:27:21'),
(34, '12137', 'Samapti Gain', '12', '4', '10', 'Active', '2021-08-28 17:27:21', '2021-08-28 17:27:21'),
(35, '12139', 'Ms. Papeya', '12', '4', '10', 'Active', '2021-08-28 17:27:21', '2021-08-28 17:27:21'),
(36, '10883', 'Md. Sabid Chowdhury Pollob', '12', '4', '10', 'Active', '2021-08-28 17:27:21', '2021-08-28 17:27:21'),
(37, '11941', 'Shoptorshi Rahman', '12', '4', '10', 'Active', '2021-08-28 17:27:21', '2021-08-28 17:27:21'),
(38, '10206', 'Daliya Zaman', '12', '4', '10', 'Active', '2021-08-28 17:27:21', '2021-08-28 17:27:21'),
(39, '10578', 'Rokayia Akther Mitu', '12', '4', '10', 'Active', '2021-08-28 17:27:21', '2021-08-28 17:27:21'),
(40, '11278', 'Kariya islam', '9', '9', '8', 'Active', '2021-08-29 14:50:29', '2021-08-29 14:50:29'),
(41, '11814', 'Jakulin shikder', '9', '9', '8', 'Active', '2021-08-29 14:50:29', '2021-08-29 14:50:29'),
(42, '11507', 'Autoshi Josephine Akash', '9', '9', '8', 'Active', '2021-08-29 14:50:29', '2021-08-29 14:50:29'),
(43, '12021', 'Farzana', '9', '9', '8', 'Active', '2021-08-29 14:50:29', '2021-08-29 14:50:29'),
(44, '77', 'Taufique Tarafder', '16', '16', '11', 'Inactive', '2021-09-26 10:32:59', '2021-09-26 10:56:19'),
(45, '11946', 'rubel haque', '11', '16', '11', 'Active', '2021-09-26 11:20:08', '2021-09-26 11:20:08'),
(46, '12023', 'nazmul islam kakon', '11', '16', '11', 'Active', '2021-09-26 11:20:08', '2021-09-26 11:20:08'),
(47, '12024', 'jannatul ferdous', '11', '16', '11', 'Active', '2021-09-26 11:20:08', '2021-09-26 11:20:08'),
(48, '10804', 'md. maksudur rahaman', '11', '16', '11', 'Active', '2021-09-26 11:20:08', '2021-09-26 11:20:08'),
(49, '10607', 'foysal habib hridoy', '11', '16', '11', 'Active', '2021-09-26 11:20:08', '2021-09-26 11:20:08'),
(50, '11348', 'ashfika akter bushra', '11', '16', '11', 'Active', '2021-09-26 11:20:08', '2021-09-26 11:20:08'),
(51, '10802', 'lopa khan', '11', '16', '11', 'Active', '2021-09-26 11:20:08', '2021-09-26 11:20:08'),
(52, '11642', 'rukuzzaman mithun', '11', '16', '11', 'Active', '2021-09-26 11:20:08', '2021-09-26 11:20:08'),
(53, '11791', 'shuvo kumar mohanta', '11', '16', '11', 'Active', '2021-09-26 11:20:08', '2021-09-26 11:20:08'),
(54, '10631', 'mariya kibtia', '11', '16', '11', 'Active', '2021-09-26 11:20:08', '2021-09-26 11:20:08'),
(55, '11395', 'md. shakhaouat hossain', '11', '16', '11', 'Active', '2021-09-26 11:20:08', '2021-09-26 11:20:08'),
(56, '9193', 'Soma Sutradhar', '11', '16', '12', 'Active', '2021-11-03 16:31:18', '2021-11-03 16:31:18'),
(57, '11336', 'Md. Akram Hossain', '11', '16', '12', 'Active', '2021-11-03 16:31:18', '2021-11-03 16:31:18'),
(58, '11594', 'Sahida Akter', '11', '16', '12', 'Active', '2021-11-03 16:31:18', '2021-11-03 16:31:18'),
(59, '11989', 'Sadia Akter', '11', '16', '12', 'Active', '2021-11-03 16:31:18', '2021-11-03 16:31:18'),
(60, '11081', 'Rifat Jahan', '11', '16', '12', 'Active', '2021-11-03 16:31:18', '2021-11-03 16:31:18'),
(61, '12238', 'Alsaba Soikat', '11', '16', '12', 'Active', '2021-11-03 16:31:18', '2021-11-03 16:31:18'),
(62, '11748', ' S.M. Hasibul Islam Joy  ', '11', '16', '12', 'Active', '2021-11-03 16:31:18', '2021-11-03 16:31:18'),
(63, '12433', 'Md. Nizam Uddin Tarek ', '11', '16', '12', 'Active', '2021-11-03 16:31:18', '2021-11-03 16:31:18'),
(64, '12434', 'Rashida Akhter ', '11', '16', '12', 'Active', '2021-11-03 16:31:18', '2021-11-03 16:31:18'),
(65, '11320', 'Md. Azizur Rahman', '11', '16', '12', 'Active', '2021-11-03 16:31:18', '2021-11-03 16:31:18'),
(66, '11416', 'Selina Akter', '11', '16', '12', 'Active', '2021-11-03 16:31:18', '2021-11-03 16:31:18'),
(67, '11988', 'Jesmin Akter', '11', '16', '12', 'Active', '2021-11-03 16:31:18', '2021-11-03 16:31:18'),
(68, '12405', 'Ashraf Siddique Atanu', '11', '16', '12', 'Active', '2021-11-03 16:31:18', '2021-11-03 16:31:18');

-- --------------------------------------------------------

--
-- Table structure for table `emp_processes`
--

CREATE TABLE `emp_processes` (
  `id` bigint(20) UNSIGNED NOT NULL,
  `user_id` varchar(191) COLLATE utf8mb4_unicode_ci NOT NULL,
  `process_id` varchar(191) COLLATE utf8mb4_unicode_ci NOT NULL,
  `created_at` timestamp NULL DEFAULT NULL,
  `updated_at` timestamp NULL DEFAULT NULL
) ENGINE=InnoDB DEFAULT CHARSET=utf8mb4 COLLATE=utf8mb4_unicode_ci;

--
-- Dumping data for table `emp_processes`
--

INSERT INTO `emp_processes` (`id`, `user_id`, `process_id`, `created_at`, `updated_at`) VALUES
(1, '2', '1', '2021-07-26 09:58:50', '2021-07-26 09:58:50'),
(2, '3', '1', '2021-07-26 10:50:48', '2021-07-26 10:50:48'),
(3, '9', '3', '2021-08-07 13:09:24', '2021-08-07 13:09:24'),
(4, '9', '2', '2021-08-07 13:09:41', '2021-08-07 13:09:41'),
(5, '9', '7', '2021-08-07 13:17:10', '2021-08-07 13:17:10'),
(6, '15', '2', '2021-08-28 16:16:28', '2021-08-28 16:16:28'),
(7, '10', '3', '2021-08-28 16:17:10', '2021-08-28 16:17:10'),
(8, '9', '8', '2021-08-29 13:05:55', '2021-08-29 13:05:55'),
(9, '16', '11', '2021-09-26 10:35:39', '2021-09-26 10:35:39'),
(10, '16', '12', '2021-11-03 16:23:46', '2021-11-03 16:23:46'),
(11, '11', '12', '2021-11-03 16:24:09', '2021-11-03 16:24:09');

-- --------------------------------------------------------

--
-- Table structure for table `migrations`
--

CREATE TABLE `migrations` (
  `id` int(10) UNSIGNED NOT NULL,
  `migration` varchar(191) COLLATE utf8mb4_unicode_ci NOT NULL,
  `batch` int(11) NOT NULL
) ENGINE=InnoDB DEFAULT CHARSET=utf8mb4 COLLATE=utf8mb4_unicode_ci;

--
-- Dumping data for table `migrations`
--

INSERT INTO `migrations` (`id`, `migration`, `batch`) VALUES
(1, '2019_12_04_114847_create_users_table', 1),
(2, '2020_02_04_053523_create_parent_questions_table', 1),
(3, '2020_02_04_054022_create_questions_table', 1),
(4, '2020_02_04_054155_create_employees_table', 1),
(5, '2020_02_11_054900_create_processes_table', 1),
(6, '2020_02_13_054344_create_responses_table', 1),
(7, '2020_02_13_054447_create_basic_responses_table', 1),
(8, '2020_02_13_055613_create_categories_table', 1),
(9, '2020_04_21_091235_create_emp_processes_table', 1),
(10, '2020_04_21_104731_create_special_questions_table', 1),
(11, '2020_04_22_073930_create_audit_updates_table', 1);

-- --------------------------------------------------------

--
-- Table structure for table `parent_questions`
--

CREATE TABLE `parent_questions` (
  `id` bigint(20) UNSIGNED NOT NULL,
  `process_id` varchar(191) COLLATE utf8mb4_unicode_ci NOT NULL,
  `pq_name` varchar(191) COLLATE utf8mb4_unicode_ci NOT NULL,
  `status` varchar(191) COLLATE utf8mb4_unicode_ci NOT NULL DEFAULT 'Active',
  `created_at` timestamp NULL DEFAULT NULL,
  `updated_at` timestamp NULL DEFAULT NULL
) ENGINE=InnoDB DEFAULT CHARSET=utf8mb4 COLLATE=utf8mb4_unicode_ci;

--
-- Dumping data for table `parent_questions`
--

INSERT INTO `parent_questions` (`id`, `process_id`, `pq_name`, `status`, `created_at`, `updated_at`) VALUES
(1, '1', 'Greetings', 'Active', '2021-07-26 09:34:22', '2021-07-26 09:34:22'),
(2, '1', 'Communication  Skills', 'Active', '2021-07-26 10:40:26', '2021-07-26 10:40:26'),
(3, '1', 'Call Courtesy', 'Active', '2021-07-26 10:40:54', '2021-07-26 10:40:54'),
(4, '1', 'Issue  Resolution', 'Active', '2021-07-26 10:41:17', '2021-07-26 10:41:17'),
(5, '1', 'Issue Identification', 'Active', '2021-07-26 10:41:52', '2021-07-26 10:44:45'),
(6, '1', 'Verification', 'Active', '2021-07-26 10:42:44', '2021-07-26 10:45:00'),
(7, '1', 'Wrap-up Code', 'Active', '2021-07-26 10:45:24', '2021-07-26 10:45:24'),
(8, '1', 'Closing Score', 'Active', '2021-07-26 10:45:44', '2021-07-26 10:45:44'),
(9, '8', 'Greetings', 'Active', '2021-08-30 10:03:00', '2021-08-30 10:03:00'),
(10, '8', 'Communication  Skills', 'Active', '2021-08-30 10:03:40', '2021-08-30 10:03:40'),
(11, '8', 'Call Courtesy', 'Active', '2021-08-30 10:03:57', '2021-08-30 10:03:57'),
(12, '8', 'Issue  Resolution', 'Active', '2021-08-30 10:04:16', '2021-08-30 10:04:16'),
(13, '8', 'Issue Identification', 'Active', '2021-08-30 10:04:33', '2021-08-30 10:04:33'),
(14, '8', 'Verification', 'Active', '2021-08-30 10:04:51', '2021-08-30 10:04:51'),
(15, '8', 'Wrap-up Code', 'Active', '2021-08-30 10:05:09', '2021-08-30 10:05:09'),
(16, '8', 'Closing Score', 'Active', '2021-08-30 10:05:25', '2021-08-30 10:05:25'),
(17, '8', 'Extra Mileage', 'Inactive', '2021-08-30 10:05:45', '2021-08-30 10:07:48'),
(18, '8', 'Unprofessional Behaviour', 'Inactive', '2021-08-30 10:06:02', '2021-08-30 10:08:45'),
(19, '8', 'Unauthorized Execution', 'Inactive', '2021-08-30 10:06:16', '2021-08-30 10:07:33'),
(20, '8', 'Fake Commitment', 'Inactive', '2021-08-30 10:06:32', '2021-08-30 10:07:29'),
(21, '11', 'Greetings', 'Active', '2021-09-26 10:21:49', '2021-09-26 10:21:49'),
(22, '11', 'Communication  Skills', 'Active', '2021-09-26 10:22:31', '2021-09-26 10:22:31'),
(23, '11', 'Call Courtesy', 'Active', '2021-09-26 10:23:19', '2021-09-26 10:23:19'),
(24, '11', 'Issue  Resolution', 'Active', '2021-09-26 10:23:49', '2021-09-26 10:23:49'),
(25, '11', 'Issue Identification', 'Active', '2021-09-26 10:24:18', '2021-09-26 10:24:18'),
(26, '11', 'Verification', 'Active', '2021-09-26 10:24:50', '2021-09-26 10:24:50'),
(27, '11', 'Wrap-up Code', 'Active', '2021-09-26 10:25:19', '2021-09-26 10:25:19'),
(28, '11', 'Closing Score', 'Active', '2021-09-26 10:25:45', '2021-09-26 10:25:45'),
(29, '12', 'Greetings', 'Active', '2021-11-03 15:54:23', '2021-11-03 15:54:23'),
(30, '12', 'Communication  Skills', 'Active', '2021-11-03 15:54:44', '2021-11-03 15:54:44'),
(31, '12', 'Call Courtesy', 'Active', '2021-11-03 15:55:05', '2021-11-03 15:55:05'),
(32, '12', 'Issue  Resolution', 'Active', '2021-11-03 15:59:57', '2021-11-03 15:59:57'),
(33, '12', 'Issue Identification', 'Active', '2021-11-03 16:00:20', '2021-11-03 16:00:20'),
(34, '12', 'Verification', 'Active', '2021-11-03 16:00:37', '2021-11-03 16:00:37'),
(35, '12', 'Wrap-up Code', 'Active', '2021-11-03 16:00:53', '2021-11-03 16:00:53'),
(36, '12', 'Closing Score', 'Active', '2021-11-03 16:01:10', '2021-11-03 16:01:10'),
(37, '11', 'Extra Mileage', 'Active', '2021-11-03 16:17:56', '2021-11-03 16:18:57');

-- --------------------------------------------------------

--
-- Table structure for table `processes`
--

CREATE TABLE `processes` (
  `id` bigint(20) UNSIGNED NOT NULL,
  `pr_name` varchar(191) COLLATE utf8mb4_unicode_ci NOT NULL,
  `status` varchar(191) COLLATE utf8mb4_unicode_ci NOT NULL DEFAULT 'Active',
  `created_at` timestamp NULL DEFAULT NULL,
  `updated_at` timestamp NULL DEFAULT NULL
) ENGINE=InnoDB DEFAULT CHARSET=utf8mb4 COLLATE=utf8mb4_unicode_ci;

--
-- Dumping data for table `processes`
--

INSERT INTO `processes` (`id`, `pr_name`, `status`, `created_at`, `updated_at`) VALUES
(1, 'MMBL', 'Active', '2021-07-26 09:30:42', '2021-07-26 10:35:45'),
(2, 'HATIL', 'Active', '2021-07-29 16:35:52', '2021-07-29 16:36:04'),
(3, 'LG', 'Active', '2021-08-07 08:49:41', '2021-08-07 08:49:41'),
(4, 'DSA', 'Active', '2021-08-07 08:49:56', '2021-08-07 08:49:56'),
(5, 'XIAOMI', 'Active', '2021-08-07 08:50:28', '2021-08-07 08:50:28'),
(6, 'BDTICKETS', 'Active', '2021-08-07 10:29:46', '2021-08-07 10:29:46'),
(7, 'COCACOLA', 'Active', '2021-08-07 13:17:01', '2021-08-07 13:17:01'),
(8, 'VECV', 'Active', '2021-08-07 13:17:36', '2021-08-29 13:07:01'),
(9, 'RAL', 'Active', '2021-08-09 11:40:49', '2021-08-09 11:40:49'),
(10, 'PAPERFLY', 'Active', '2021-08-28 17:26:51', '2021-08-28 17:26:51'),
(11, 'DESCO', 'Active', '2021-09-26 10:20:46', '2021-09-26 10:20:46'),
(12, 'UML', 'Active', '2021-11-03 15:53:33', '2021-11-03 15:53:33');

-- --------------------------------------------------------

--
-- Table structure for table `questions`
--

CREATE TABLE `questions` (
  `id` bigint(20) UNSIGNED NOT NULL,
  `parent_question_id` int(10) UNSIGNED NOT NULL,
  `question_name` varchar(191) COLLATE utf8mb4_unicode_ci NOT NULL,
  `question_score` int(11) NOT NULL,
  `status` varchar(191) COLLATE utf8mb4_unicode_ci NOT NULL DEFAULT 'Active',
  `created_at` timestamp NULL DEFAULT NULL,
  `updated_at` timestamp NULL DEFAULT NULL
) ENGINE=InnoDB DEFAULT CHARSET=utf8mb4 COLLATE=utf8mb4_unicode_ci;

--
-- Dumping data for table `questions`
--

INSERT INTO `questions` (`id`, `parent_question_id`, `question_name`, `question_score`, `status`, `created_at`, `updated_at`) VALUES
(1, 1, 'Opening greeting', 4, 'Active', '2021-07-26 09:35:02', '2021-07-26 09:35:02'),
(2, 1, 'Use of proper hold/ transfer protocal', 2, 'Active', '2021-07-26 09:35:28', '2021-07-26 09:35:28'),
(3, 2, 'Understandable and organized communication', 5, 'Active', '2021-07-26 10:49:30', '2021-07-26 10:49:30'),
(4, 2, 'Responsiveness/ Active listening/ Avoid dead air or NVA', 4, 'Active', '2021-07-26 10:50:12', '2021-07-26 10:50:12'),
(5, 2, 'Pronunciation and local accent', 4, 'Active', '2021-07-26 10:50:34', '2021-07-26 10:50:34'),
(6, 2, 'Liveliness/ Enthusiasm', 3, 'Active', '2021-07-26 13:28:16', '2021-07-26 13:28:16'),
(7, 2, 'Use of Jargon', 3, 'Active', '2021-07-26 13:28:35', '2021-07-26 13:28:35'),
(8, 2, 'Hurriedness/ Interruption', 3, 'Active', '2021-07-26 13:28:59', '2021-07-26 13:28:59'),
(9, 3, 'Rudeness in approach', 8, 'Active', '2021-07-26 13:29:28', '2021-07-26 13:29:28'),
(10, 3, 'Personalization/ Helpful attitude/ Empathy', 4, 'Active', '2021-07-26 13:29:50', '2021-07-26 13:29:50'),
(11, 3, 'Avoiding tendency found', 4, 'Active', '2021-07-26 13:30:19', '2021-07-26 13:30:19'),
(12, 4, 'Correct & Complete information', 12, 'Active', '2021-07-26 13:30:53', '2021-07-26 13:30:53'),
(13, 4, 'Conversation is understood by customer', 6, 'Active', '2021-07-26 13:31:13', '2021-07-26 13:31:13'),
(14, 3, 'Issue escalation (SR/ Call transfer)', 5, 'Active', '2021-07-26 13:31:30', '2021-07-26 13:31:30'),
(15, 4, 'Alternative resolution where necessary', 4, 'Active', '2021-07-26 13:31:48', '2021-07-26 13:31:48'),
(16, 5, 'Proper probing', 5, 'Active', '2021-07-26 13:32:54', '2021-07-26 13:32:54'),
(17, 5, 'Proper probing Proper use of system', 4, 'Active', '2021-07-26 13:33:29', '2021-07-26 13:33:29'),
(18, 5, 'On time issue identification', 4, 'Active', '2021-07-26 13:34:13', '2021-07-26 13:34:13'),
(19, 6, 'Proper varification', 10, 'Active', '2021-07-26 13:34:55', '2021-07-26 13:34:55'),
(20, 7, 'Selection of proper wrap up', 4, 'Active', '2021-07-26 13:35:26', '2021-07-26 13:35:26'),
(21, 8, 'Proper closing/ Further assistance', 2, 'Active', '2021-07-26 13:35:47', '2021-07-26 13:35:47'),
(22, 21, 'Opening greeting', 4, 'Active', '2021-09-26 10:26:42', '2021-09-26 10:26:42'),
(23, 21, 'Use of proper hold/ transfer protocal', 2, 'Active', '2021-09-26 10:27:23', '2021-09-26 10:27:23'),
(24, 22, 'Understandable and organized communication', 5, 'Active', '2021-09-26 10:28:04', '2021-09-26 10:28:04'),
(25, 22, 'Responsiveness/ Active listening/ Avoid dead air or NVA', 4, 'Active', '2021-09-26 10:28:49', '2021-09-26 10:28:49'),
(26, 22, 'Pronunciation and local accent', 4, 'Active', '2021-09-26 10:29:29', '2021-09-26 10:29:29'),
(27, 22, 'Liveliness/ Enthusiasm', 3, 'Active', '2021-09-26 10:30:01', '2021-09-26 10:30:01'),
(28, 22, 'Use of Jargon', 3, 'Active', '2021-09-26 10:30:34', '2021-09-26 10:30:34'),
(29, 22, 'Hurriedness/ Interruption', 3, 'Active', '2021-09-26 10:31:29', '2021-09-26 10:31:29'),
(30, 23, 'Rudeness in approach', 8, 'Active', '2021-09-26 10:32:25', '2021-09-26 10:32:25'),
(31, 23, 'Personalization/ Helpful attitude/ Empathy', 4, 'Active', '2021-09-26 10:32:59', '2021-09-26 10:32:59'),
(32, 23, 'Avoiding tendency found', 4, 'Active', '2021-09-26 10:34:01', '2021-09-26 10:34:01'),
(33, 24, 'Correct & Complete information', 12, 'Active', '2021-09-26 10:35:17', '2021-09-26 10:35:17'),
(34, 24, 'Conversation is understood by customer', 6, 'Active', '2021-09-26 10:36:16', '2021-09-26 10:36:16'),
(35, 24, 'Issue escalation (SR/ Call transfer)', 5, 'Active', '2021-09-26 10:37:21', '2021-09-26 10:37:21'),
(36, 24, 'Alternative resolution where necessary', 4, 'Active', '2021-09-26 10:38:08', '2021-09-26 10:38:08'),
(37, 25, 'Proper probing', 5, 'Active', '2021-09-26 10:39:16', '2021-09-26 10:39:16'),
(38, 25, 'Proper use of system', 4, 'Active', '2021-09-26 10:40:29', '2021-09-26 10:40:29'),
(39, 25, 'On time issue identification', 4, 'Active', '2021-09-26 10:41:48', '2021-09-26 10:41:48'),
(40, 26, 'Proper varification', 10, 'Active', '2021-09-26 10:43:21', '2021-09-26 10:43:21'),
(41, 27, 'Selection of proper wrap up', 4, 'Active', '2021-09-26 10:44:19', '2021-09-26 10:44:19'),
(42, 28, 'Proper closing/ Further assistance', 2, 'Active', '2021-09-26 10:44:54', '2021-09-26 10:44:54'),
(43, 29, 'Opening greeting', 4, 'Active', '2021-11-03 16:03:41', '2021-11-03 16:03:41'),
(44, 29, 'Use of proper hold/ transfer protocal', 2, 'Active', '2021-11-03 16:04:32', '2021-11-03 16:04:32'),
(45, 30, 'Understandable and organized communication', 5, 'Active', '2021-11-03 16:05:01', '2021-11-03 16:05:01'),
(46, 30, 'Responsiveness/ Active listening/ Avoid dead air or NVA', 4, 'Active', '2021-11-03 16:05:31', '2021-11-03 16:05:31'),
(47, 30, 'Pronunciation and local accent', 4, 'Active', '2021-11-03 16:06:13', '2021-11-03 16:06:13'),
(48, 30, 'Liveliness/ Enthusiasm', 3, 'Active', '2021-11-03 16:06:50', '2021-11-03 16:06:50'),
(49, 30, 'Use of Jargon', 3, 'Active', '2021-11-03 16:07:19', '2021-11-03 16:07:19'),
(50, 30, 'Hurriedness/ Interruption', 3, 'Active', '2021-11-03 16:08:25', '2021-11-03 16:08:25'),
(51, 31, 'Rudeness in approach', 8, 'Active', '2021-11-03 16:09:05', '2021-11-03 16:09:05'),
(52, 31, 'Personalization/ Helpful attitude/ Empathy', 4, 'Active', '2021-11-03 16:09:35', '2021-11-03 16:09:35'),
(53, 31, 'Avoiding tendency found', 4, 'Active', '2021-11-03 16:10:04', '2021-11-03 16:10:04'),
(54, 32, 'Correct & Complete information', 12, 'Active', '2021-11-03 16:10:37', '2021-11-03 16:10:37'),
(55, 32, 'Conversation is understood by customer', 6, 'Active', '2021-11-03 16:11:24', '2021-11-03 16:11:24'),
(56, 32, 'Issue escalation (SR/ Call transfer)', 5, 'Active', '2021-11-03 16:12:30', '2021-11-03 16:12:30'),
(57, 32, 'Alternative resolution where necessary', 4, 'Active', '2021-11-03 16:13:12', '2021-11-03 16:13:12'),
(58, 33, 'Proper probing', 5, 'Active', '2021-11-03 16:13:49', '2021-11-03 16:13:49'),
(59, 33, 'Proper use of system', 4, 'Active', '2021-11-03 16:14:39', '2021-11-03 16:14:39'),
(60, 33, 'On time issue identification', 4, 'Active', '2021-11-03 16:15:12', '2021-11-03 16:15:12'),
(61, 34, 'Proper varification', 10, 'Active', '2021-11-03 16:15:44', '2021-11-03 16:15:44'),
(62, 35, 'Selection of proper wrap up', 4, 'Active', '2021-11-03 16:16:13', '2021-11-03 16:16:13'),
(63, 36, 'Proper closing/ Further assistance', 2, 'Active', '2021-11-03 16:16:49', '2021-11-03 16:16:49');

-- --------------------------------------------------------

--
-- Table structure for table `responses`
--

CREATE TABLE `responses` (
  `id` bigint(20) UNSIGNED NOT NULL,
  `basic_response_id` varchar(191) COLLATE utf8mb4_unicode_ci NOT NULL,
  `question_id` varchar(191) COLLATE utf8mb4_unicode_ci NOT NULL,
  `response` varchar(191) COLLATE utf8mb4_unicode_ci NOT NULL,
  `created_at` timestamp NULL DEFAULT NULL,
  `updated_at` timestamp NULL DEFAULT NULL
) ENGINE=InnoDB DEFAULT CHARSET=utf8mb4 COLLATE=utf8mb4_unicode_ci;

--
-- Dumping data for table `responses`
--

INSERT INTO `responses` (`id`, `basic_response_id`, `question_id`, `response`, `created_at`, `updated_at`) VALUES
(1, '3', '1', '4', '2021-08-09 12:55:07', '2021-08-09 12:55:07'),
(2, '3', '2', '2', '2021-08-09 12:55:07', '2021-08-09 12:55:07'),
(3, '3', '3', '0', '2021-08-09 12:55:07', '2021-08-09 12:55:07'),
(4, '3', '4', '0', '2021-08-09 12:55:07', '2021-08-09 12:55:07'),
(5, '3', '5', '4', '2021-08-09 12:55:07', '2021-08-09 12:55:07'),
(6, '3', '6', '3', '2021-08-09 12:55:07', '2021-08-09 12:55:07'),
(7, '3', '7', '3', '2021-08-09 12:55:07', '2021-08-09 12:55:07'),
(8, '3', '8', '3', '2021-08-09 12:55:07', '2021-08-09 12:55:07'),
(9, '3', '9', '8', '2021-08-09 12:55:07', '2021-08-09 12:55:07'),
(10, '3', '10', '0', '2021-08-09 12:55:07', '2021-08-09 12:55:07'),
(11, '3', '11', '4', '2021-08-09 12:55:07', '2021-08-09 12:55:07'),
(12, '3', '14', '5', '2021-08-09 12:55:07', '2021-08-09 12:55:07'),
(13, '3', '12', '12', '2021-08-09 12:55:07', '2021-08-09 12:55:07'),
(14, '3', '13', '6', '2021-08-09 12:55:07', '2021-08-09 12:55:07'),
(15, '3', '15', '4', '2021-08-09 12:55:07', '2021-08-09 12:55:07'),
(16, '3', '16', '5', '2021-08-09 12:55:07', '2021-08-09 12:55:07'),
(17, '3', '17', '4', '2021-08-09 12:55:07', '2021-08-09 12:55:07'),
(18, '3', '18', '4', '2021-08-09 12:55:07', '2021-08-09 12:55:07'),
(19, '3', '19', '0', '2021-08-09 12:55:07', '2021-08-09 12:55:07'),
(20, '3', '20', '4', '2021-08-09 12:55:07', '2021-08-09 12:55:07'),
(21, '3', '21', '2', '2021-08-09 12:55:07', '2021-08-09 12:55:07'),
(22, '3', 's2', '0', '2021-08-09 12:55:07', '2021-08-09 12:55:07'),
(23, '3', 's3', '0', '2021-08-09 12:55:07', '2021-08-09 12:55:07'),
(24, '3', 's4', '0', '2021-08-09 12:55:07', '2021-08-09 12:55:07'),
(25, '3', 's5', '0', '2021-08-09 12:55:07', '2021-08-09 12:55:07'),
(26, '4', '1', '4', '2021-08-09 13:10:07', '2021-08-09 13:10:07'),
(27, '4', '2', '2', '2021-08-09 13:10:07', '2021-08-09 13:10:07'),
(28, '4', '3', '0', '2021-08-09 13:10:07', '2021-08-09 13:10:07'),
(29, '4', '4', '4', '2021-08-09 13:10:07', '2021-08-09 13:10:07'),
(30, '4', '5', '4', '2021-08-09 13:10:07', '2021-08-09 13:10:07'),
(31, '4', '6', '3', '2021-08-09 13:10:07', '2021-08-09 13:10:07'),
(32, '4', '7', '3', '2021-08-09 13:10:07', '2021-08-09 13:10:07'),
(33, '4', '8', '3', '2021-08-09 13:10:07', '2021-08-09 13:10:07'),
(34, '4', '9', '8', '2021-08-09 13:10:07', '2021-08-09 13:10:07'),
(35, '4', '10', '4', '2021-08-09 13:10:07', '2021-08-09 13:10:07'),
(36, '4', '11', '4', '2021-08-09 13:10:07', '2021-08-09 13:10:07'),
(37, '4', '14', '5', '2021-08-09 13:10:07', '2021-08-09 13:10:07'),
(38, '4', '12', '12', '2021-08-09 13:10:07', '2021-08-09 13:10:07'),
(39, '4', '13', '6', '2021-08-09 13:10:07', '2021-08-09 13:10:07'),
(40, '4', '15', '0', '2021-08-09 13:10:07', '2021-08-09 13:10:07'),
(41, '4', '16', '5', '2021-08-09 13:10:07', '2021-08-09 13:10:07'),
(42, '4', '17', '4', '2021-08-09 13:10:07', '2021-08-09 13:10:07'),
(43, '4', '18', '4', '2021-08-09 13:10:07', '2021-08-09 13:10:07'),
(44, '4', '19', '10', '2021-08-09 13:10:07', '2021-08-09 13:10:07'),
(45, '4', '20', '0', '2021-08-09 13:10:07', '2021-08-09 13:10:07'),
(46, '4', '21', '2', '2021-08-09 13:10:07', '2021-08-09 13:10:07'),
(47, '4', 's2', '0', '2021-08-09 13:10:07', '2021-08-09 13:10:07'),
(48, '4', 's3', '0', '2021-08-09 13:10:07', '2021-08-09 13:10:07'),
(49, '4', 's4', '0', '2021-08-09 13:10:07', '2021-08-09 13:10:07'),
(50, '4', 's5', '0', '2021-08-09 13:10:07', '2021-08-09 13:10:07'),
(51, '5', '1', '4', '2021-08-28 17:35:37', '2021-08-28 17:35:37'),
(52, '5', '2', '0', '2021-08-28 17:35:37', '2021-08-28 17:35:37'),
(53, '5', '3', '0', '2021-08-28 17:35:37', '2021-08-28 17:35:37'),
(54, '5', '4', '4', '2021-08-28 17:35:37', '2021-08-28 17:35:37'),
(55, '5', '5', '4', '2021-08-28 17:35:37', '2021-08-28 17:35:37'),
(56, '5', '6', '3', '2021-08-28 17:35:37', '2021-08-28 17:35:37'),
(57, '5', '7', '0', '2021-08-28 17:35:37', '2021-08-28 17:35:37'),
(58, '5', '8', '3', '2021-08-28 17:35:37', '2021-08-28 17:35:37'),
(59, '5', '9', '8', '2021-08-28 17:35:37', '2021-08-28 17:35:37'),
(60, '5', '10', '4', '2021-08-28 17:35:37', '2021-08-28 17:35:37'),
(61, '5', '11', '4', '2021-08-28 17:35:37', '2021-08-28 17:35:37'),
(62, '5', '14', '5', '2021-08-28 17:35:37', '2021-08-28 17:35:37'),
(63, '5', '12', '12', '2021-08-28 17:35:37', '2021-08-28 17:35:37'),
(64, '5', '13', '6', '2021-08-28 17:35:37', '2021-08-28 17:35:37'),
(65, '5', '15', '4', '2021-08-28 17:35:37', '2021-08-28 17:35:37'),
(66, '5', '16', '5', '2021-08-28 17:35:37', '2021-08-28 17:35:37'),
(67, '5', '17', '4', '2021-08-28 17:35:37', '2021-08-28 17:35:37'),
(68, '5', '18', '4', '2021-08-28 17:35:37', '2021-08-28 17:35:37'),
(69, '5', '19', '0', '2021-08-28 17:35:37', '2021-08-28 17:35:37'),
(70, '5', '20', '4', '2021-08-28 17:35:37', '2021-08-28 17:35:37'),
(71, '5', '21', '2', '2021-08-28 17:35:37', '2021-08-28 17:35:37'),
(72, '5', 's2', '0', '2021-08-28 17:35:37', '2021-08-28 17:35:37'),
(73, '5', 's3', '0', '2021-08-28 17:35:37', '2021-08-28 17:35:37'),
(74, '5', 's4', '0', '2021-08-28 17:35:37', '2021-08-28 17:35:37'),
(75, '5', 's5', '0', '2021-08-28 17:35:37', '2021-08-28 17:35:37'),
(76, '7', '22', '4', '2021-09-26 11:48:10', '2021-09-26 11:48:10'),
(77, '7', '23', '2', '2021-09-26 11:48:10', '2021-09-26 11:48:10'),
(78, '7', '24', '5', '2021-09-26 11:48:10', '2021-09-26 11:48:10'),
(79, '7', '25', '4', '2021-09-26 11:48:10', '2021-09-26 11:48:10'),
(80, '7', '26', '4', '2021-09-26 11:48:10', '2021-09-26 11:48:10'),
(81, '7', '27', '3', '2021-09-26 11:48:10', '2021-09-26 11:48:10'),
(82, '7', '28', '3', '2021-09-26 11:48:10', '2021-09-26 11:48:10'),
(83, '7', '29', '3', '2021-09-26 11:48:10', '2021-09-26 11:48:10'),
(84, '7', '30', '8', '2021-09-26 11:48:10', '2021-09-26 11:48:10'),
(85, '7', '31', '4', '2021-09-26 11:48:10', '2021-09-26 11:48:10'),
(86, '7', '32', '4', '2021-09-26 11:48:10', '2021-09-26 11:48:10'),
(87, '7', '33', '12', '2021-09-26 11:48:10', '2021-09-26 11:48:10'),
(88, '7', '34', '6', '2021-09-26 11:48:10', '2021-09-26 11:48:10'),
(89, '7', '35', '5', '2021-09-26 11:48:10', '2021-09-26 11:48:10'),
(90, '7', '36', '4', '2021-09-26 11:48:10', '2021-09-26 11:48:10'),
(91, '7', '37', '5', '2021-09-26 11:48:10', '2021-09-26 11:48:10'),
(92, '7', '38', '4', '2021-09-26 11:48:10', '2021-09-26 11:48:10'),
(93, '7', '39', '4', '2021-09-26 11:48:10', '2021-09-26 11:48:10'),
(94, '7', '40', '10', '2021-09-26 11:48:10', '2021-09-26 11:48:10'),
(95, '7', '41', '4', '2021-09-26 11:48:10', '2021-09-26 11:48:10'),
(96, '7', '42', '2', '2021-09-26 11:48:10', '2021-09-26 11:48:10'),
(97, '7', 's6', '3', '2021-09-26 11:48:10', '2021-09-26 11:48:10'),
(98, '7', 's7', '-3', '2021-09-26 11:48:10', '2021-09-26 11:48:10'),
(99, '7', 's8', '-3', '2021-09-26 11:48:10', '2021-09-26 11:48:10'),
(100, '7', 's9', '-3', '2021-09-26 11:48:10', '2021-09-26 11:48:10'),
(101, '8', '22', '4', '2021-09-26 12:01:17', '2021-09-26 12:01:17'),
(102, '8', '23', '2', '2021-09-26 12:01:17', '2021-09-26 12:01:17'),
(103, '8', '24', '5', '2021-09-26 12:01:17', '2021-09-26 12:01:17'),
(104, '8', '25', '4', '2021-09-26 12:01:17', '2021-09-26 12:01:17'),
(105, '8', '26', '4', '2021-09-26 12:01:17', '2021-09-26 12:01:17'),
(106, '8', '27', '3', '2021-09-26 12:01:17', '2021-09-26 12:01:17'),
(107, '8', '28', '3', '2021-09-26 12:01:17', '2021-09-26 12:01:17'),
(108, '8', '29', '3', '2021-09-26 12:01:17', '2021-09-26 12:01:17'),
(109, '8', '30', '8', '2021-09-26 12:01:17', '2021-09-26 12:01:17'),
(110, '8', '31', '4', '2021-09-26 12:01:17', '2021-09-26 12:01:17'),
(111, '8', '32', '4', '2021-09-26 12:01:17', '2021-09-26 12:01:17'),
(112, '8', '33', '12', '2021-09-26 12:01:17', '2021-09-26 12:01:17'),
(113, '8', '34', '6', '2021-09-26 12:01:17', '2021-09-26 12:01:17'),
(114, '8', '35', '5', '2021-09-26 12:01:17', '2021-09-26 12:01:17'),
(115, '8', '36', '4', '2021-09-26 12:01:17', '2021-09-26 12:01:17'),
(116, '8', '37', '5', '2021-09-26 12:01:17', '2021-09-26 12:01:17'),
(117, '8', '38', '4', '2021-09-26 12:01:17', '2021-09-26 12:01:17'),
(118, '8', '39', '4', '2021-09-26 12:01:17', '2021-09-26 12:01:17'),
(119, '8', '40', '10', '2021-09-26 12:01:17', '2021-09-26 12:01:17'),
(120, '8', '41', '4', '2021-09-26 12:01:17', '2021-09-26 12:01:17'),
(121, '8', '42', '2', '2021-09-26 12:01:17', '2021-09-26 12:01:17'),
(122, '8', 's6', '3', '2021-09-26 12:01:17', '2021-09-26 12:01:17'),
(123, '8', 's7', '-3', '2021-09-26 12:01:17', '2021-09-26 12:01:17'),
(124, '8', 's8', '-3', '2021-09-26 12:01:17', '2021-09-26 12:01:17'),
(125, '8', 's9', '-3', '2021-09-26 12:01:17', '2021-09-26 12:01:17'),
(126, '9', '22', '4', '2021-09-26 12:29:02', '2021-09-26 12:29:02'),
(127, '9', '23', '2', '2021-09-26 12:29:02', '2021-09-26 12:29:02'),
(128, '9', '24', '5', '2021-09-26 12:29:02', '2021-09-26 12:29:02'),
(129, '9', '25', '4', '2021-09-26 12:29:02', '2021-09-26 12:29:02'),
(130, '9', '26', '4', '2021-09-26 12:29:02', '2021-09-26 12:29:02'),
(131, '9', '27', '3', '2021-09-26 12:29:02', '2021-09-26 12:29:02'),
(132, '9', '28', '3', '2021-09-26 12:29:02', '2021-09-26 12:29:02'),
(133, '9', '29', '3', '2021-09-26 12:29:02', '2021-09-26 12:29:02'),
(134, '9', '30', '8', '2021-09-26 12:29:02', '2021-09-26 12:29:02'),
(135, '9', '31', '4', '2021-09-26 12:29:02', '2021-09-26 12:29:02'),
(136, '9', '32', '4', '2021-09-26 12:29:02', '2021-09-26 12:29:02'),
(137, '9', '33', '12', '2021-09-26 12:29:02', '2021-09-26 12:29:02'),
(138, '9', '34', '6', '2021-09-26 12:29:02', '2021-09-26 12:29:02'),
(139, '9', '35', '5', '2021-09-26 12:29:02', '2021-09-26 12:29:02'),
(140, '9', '36', '4', '2021-09-26 12:29:02', '2021-09-26 12:29:02'),
(141, '9', '37', '5', '2021-09-26 12:29:02', '2021-09-26 12:29:02'),
(142, '9', '38', '4', '2021-09-26 12:29:02', '2021-09-26 12:29:02'),
(143, '9', '39', '4', '2021-09-26 12:29:02', '2021-09-26 12:29:02'),
(144, '9', '40', '10', '2021-09-26 12:29:02', '2021-09-26 12:29:02'),
(145, '9', '41', '4', '2021-09-26 12:29:02', '2021-09-26 12:29:02'),
(146, '9', '42', '2', '2021-09-26 12:29:02', '2021-09-26 12:29:02'),
(147, '9', 's6', '3', '2021-09-26 12:29:02', '2021-09-26 12:29:02'),
(148, '9', 's7', '-3', '2021-09-26 12:29:02', '2021-09-26 12:29:02'),
(149, '9', 's8', '-3', '2021-09-26 12:29:02', '2021-09-26 12:29:02'),
(150, '9', 's9', '-3', '2021-09-26 12:29:02', '2021-09-26 12:29:02'),
(151, '10', '22', '4', '2021-09-26 13:55:06', '2021-09-26 13:55:06'),
(152, '10', '23', '0', '2021-09-26 13:55:06', '2021-09-26 13:55:06'),
(153, '10', '24', '5', '2021-09-26 13:55:06', '2021-09-26 13:55:06'),
(154, '10', '25', '4', '2021-09-26 13:55:06', '2021-09-26 13:55:06'),
(155, '10', '26', '4', '2021-09-26 13:55:06', '2021-09-26 13:55:06'),
(156, '10', '27', '3', '2021-09-26 13:55:06', '2021-09-26 13:55:06'),
(157, '10', '28', '3', '2021-09-26 13:55:06', '2021-09-26 13:55:06'),
(158, '10', '29', '3', '2021-09-26 13:55:06', '2021-09-26 13:55:06'),
(159, '10', '30', '8', '2021-09-26 13:55:06', '2021-09-26 13:55:06'),
(160, '10', '31', '4', '2021-09-26 13:55:06', '2021-09-26 13:55:06'),
(161, '10', '32', '4', '2021-09-26 13:55:06', '2021-09-26 13:55:06'),
(162, '10', '33', '12', '2021-09-26 13:55:06', '2021-09-26 13:55:06'),
(163, '10', '34', '6', '2021-09-26 13:55:06', '2021-09-26 13:55:06'),
(164, '10', '35', '5', '2021-09-26 13:55:06', '2021-09-26 13:55:06'),
(165, '10', '36', '4', '2021-09-26 13:55:06', '2021-09-26 13:55:06'),
(166, '10', '37', '5', '2021-09-26 13:55:06', '2021-09-26 13:55:06'),
(167, '10', '38', '4', '2021-09-26 13:55:06', '2021-09-26 13:55:06'),
(168, '10', '39', '0', '2021-09-26 13:55:06', '2021-09-26 13:55:06'),
(169, '10', '40', '10', '2021-09-26 13:55:06', '2021-09-26 13:55:06'),
(170, '10', '41', '4', '2021-09-26 13:55:06', '2021-09-26 13:55:06'),
(171, '10', '42', '2', '2021-09-26 13:55:06', '2021-09-26 13:55:06'),
(172, '10', 's6', '3', '2021-09-26 13:55:06', '2021-09-26 13:55:06'),
(173, '10', 's7', '-3', '2021-09-26 13:55:06', '2021-09-26 13:55:06'),
(174, '10', 's8', '-3', '2021-09-26 13:55:06', '2021-09-26 13:55:06'),
(175, '10', 's9', '-3', '2021-09-26 13:55:06', '2021-09-26 13:55:06'),
(176, '11', '22', '0', '2021-09-26 14:11:19', '2021-09-26 14:11:19'),
(177, '11', '23', '2', '2021-09-26 14:11:20', '2021-09-26 14:11:20'),
(178, '11', '24', '5', '2021-09-26 14:11:21', '2021-09-26 14:11:21'),
(179, '11', '25', '4', '2021-09-26 14:11:21', '2021-09-26 14:11:21'),
(180, '11', '26', '4', '2021-09-26 14:11:22', '2021-09-26 14:11:22'),
(181, '11', '27', '3', '2021-09-26 14:11:22', '2021-09-26 14:11:22'),
(182, '11', '28', '3', '2021-09-26 14:11:22', '2021-09-26 14:11:22'),
(183, '11', '29', '3', '2021-09-26 14:11:22', '2021-09-26 14:11:22'),
(184, '11', '30', '0', '2021-09-26 14:11:22', '2021-09-26 14:11:22'),
(185, '11', '31', '4', '2021-09-26 14:11:22', '2021-09-26 14:11:22'),
(186, '11', '32', '4', '2021-09-26 14:11:22', '2021-09-26 14:11:22'),
(187, '11', '33', '12', '2021-09-26 14:11:22', '2021-09-26 14:11:22'),
(188, '11', '34', '6', '2021-09-26 14:11:22', '2021-09-26 14:11:22'),
(189, '11', '35', '5', '2021-09-26 14:11:22', '2021-09-26 14:11:22'),
(190, '11', '36', '4', '2021-09-26 14:11:22', '2021-09-26 14:11:22'),
(191, '11', '37', '5', '2021-09-26 14:11:22', '2021-09-26 14:11:22'),
(192, '11', '38', '4', '2021-09-26 14:11:22', '2021-09-26 14:11:22'),
(193, '11', '39', '4', '2021-09-26 14:11:22', '2021-09-26 14:11:22'),
(194, '11', '40', '10', '2021-09-26 14:11:22', '2021-09-26 14:11:22'),
(195, '11', '41', '4', '2021-09-26 14:11:22', '2021-09-26 14:11:22'),
(196, '11', '42', '2', '2021-09-26 14:11:22', '2021-09-26 14:11:22'),
(197, '11', 's6', '0', '2021-09-26 14:11:22', '2021-09-26 14:11:22'),
(198, '11', 's7', '0', '2021-09-26 14:11:22', '2021-09-26 14:11:22'),
(199, '11', 's8', '0', '2021-09-26 14:11:22', '2021-09-26 14:11:22'),
(200, '11', 's9', '0', '2021-09-26 14:11:22', '2021-09-26 14:11:22'),
(201, '12', '22', '4', '2021-10-03 00:52:13', '2021-10-03 00:52:13'),
(202, '12', '23', '2', '2021-10-03 00:52:13', '2021-10-03 00:52:13'),
(203, '12', '24', '5', '2021-10-03 00:52:13', '2021-10-03 00:52:13'),
(204, '12', '25', '4', '2021-10-03 00:52:13', '2021-10-03 00:52:13'),
(205, '12', '26', '4', '2021-10-03 00:52:13', '2021-10-03 00:52:13'),
(206, '12', '27', '3', '2021-10-03 00:52:13', '2021-10-03 00:52:13'),
(207, '12', '28', '3', '2021-10-03 00:52:13', '2021-10-03 00:52:13'),
(208, '12', '29', '3', '2021-10-03 00:52:13', '2021-10-03 00:52:13'),
(209, '12', '30', '8', '2021-10-03 00:52:13', '2021-10-03 00:52:13'),
(210, '12', '31', '4', '2021-10-03 00:52:13', '2021-10-03 00:52:13'),
(211, '12', '32', '4', '2021-10-03 00:52:13', '2021-10-03 00:52:13'),
(212, '12', '33', '12', '2021-10-03 00:52:13', '2021-10-03 00:52:13'),
(213, '12', '34', '6', '2021-10-03 00:52:13', '2021-10-03 00:52:13'),
(214, '12', '35', '5', '2021-10-03 00:52:13', '2021-10-03 00:52:13'),
(215, '12', '36', '4', '2021-10-03 00:52:13', '2021-10-03 00:52:13'),
(216, '12', '37', '5', '2021-10-03 00:52:13', '2021-10-03 00:52:13'),
(217, '12', '38', '4', '2021-10-03 00:52:13', '2021-10-03 00:52:13'),
(218, '12', '39', '4', '2021-10-03 00:52:13', '2021-10-03 00:52:13'),
(219, '12', '40', '10', '2021-10-03 00:52:13', '2021-10-03 00:52:13'),
(220, '12', '41', '4', '2021-10-03 00:52:13', '2021-10-03 00:52:13'),
(221, '12', '42', '2', '2021-10-03 00:52:13', '2021-10-03 00:52:13'),
(222, '12', 's6', '3', '2021-10-03 00:52:13', '2021-10-03 00:52:13'),
(223, '12', 's7', '-3', '2021-10-03 00:52:13', '2021-10-03 00:52:13'),
(224, '12', 's8', '-3', '2021-10-03 00:52:13', '2021-10-03 00:52:13'),
(225, '12', 's9', '-3', '2021-10-03 00:52:13', '2021-10-03 00:52:13'),
(226, '13', '22', '4', '2021-10-04 15:45:15', '2021-10-04 15:45:15'),
(227, '13', '23', '0', '2021-10-04 15:45:15', '2021-10-04 15:45:15'),
(228, '13', '24', '5', '2021-10-04 15:45:15', '2021-10-04 15:45:15'),
(229, '13', '25', '4', '2021-10-04 15:45:15', '2021-10-04 15:45:15'),
(230, '13', '26', '4', '2021-10-04 15:45:15', '2021-10-04 15:45:15'),
(231, '13', '27', '3', '2021-10-04 15:45:15', '2021-10-04 15:45:15'),
(232, '13', '28', '0', '2021-10-04 15:45:15', '2021-10-04 15:45:15'),
(233, '13', '29', '3', '2021-10-04 15:45:15', '2021-10-04 15:45:15'),
(234, '13', '30', '8', '2021-10-04 15:45:15', '2021-10-04 15:45:15'),
(235, '13', '31', '4', '2021-10-04 15:45:15', '2021-10-04 15:45:15'),
(236, '13', '32', '4', '2021-10-04 15:45:15', '2021-10-04 15:45:15'),
(237, '13', '33', '12', '2021-10-04 15:45:15', '2021-10-04 15:45:15'),
(238, '13', '34', '6', '2021-10-04 15:45:15', '2021-10-04 15:45:15'),
(239, '13', '35', '5', '2021-10-04 15:45:15', '2021-10-04 15:45:15'),
(240, '13', '36', '4', '2021-10-04 15:45:15', '2021-10-04 15:45:15'),
(241, '13', '37', '5', '2021-10-04 15:45:15', '2021-10-04 15:45:15'),
(242, '13', '38', '4', '2021-10-04 15:45:15', '2021-10-04 15:45:15'),
(243, '13', '39', '4', '2021-10-04 15:45:15', '2021-10-04 15:45:15'),
(244, '13', '40', '10', '2021-10-04 15:45:15', '2021-10-04 15:45:15'),
(245, '13', '41', '4', '2021-10-04 15:45:15', '2021-10-04 15:45:15'),
(246, '13', '42', '2', '2021-10-04 15:45:15', '2021-10-04 15:45:15'),
(247, '13', 's6', '3', '2021-10-04 15:45:15', '2021-10-04 15:45:15'),
(248, '13', 's7', '-3', '2021-10-04 15:45:15', '2021-10-04 15:45:15'),
(249, '13', 's8', '-3', '2021-10-04 15:45:15', '2021-10-04 15:45:15'),
(250, '13', 's9', '-3', '2021-10-04 15:45:15', '2021-10-04 15:45:15'),
(251, '14', '22', '0', '2021-10-04 15:51:31', '2021-10-04 15:51:31'),
(252, '14', '23', '2', '2021-10-04 15:51:31', '2021-10-04 15:51:31'),
(253, '14', '24', '5', '2021-10-04 15:51:31', '2021-10-04 15:51:31'),
(254, '14', '25', '4', '2021-10-04 15:51:31', '2021-10-04 15:51:31'),
(255, '14', '26', '4', '2021-10-04 15:51:31', '2021-10-04 15:51:31'),
(256, '14', '27', '3', '2021-10-04 15:51:31', '2021-10-04 15:51:31'),
(257, '14', '28', '3', '2021-10-04 15:51:31', '2021-10-04 15:51:31'),
(258, '14', '29', '3', '2021-10-04 15:51:31', '2021-10-04 15:51:31'),
(259, '14', '30', '8', '2021-10-04 15:51:31', '2021-10-04 15:51:31'),
(260, '14', '31', '4', '2021-10-04 15:51:31', '2021-10-04 15:51:31'),
(261, '14', '32', '4', '2021-10-04 15:51:31', '2021-10-04 15:51:31'),
(262, '14', '33', '12', '2021-10-04 15:51:31', '2021-10-04 15:51:31'),
(263, '14', '34', '6', '2021-10-04 15:51:31', '2021-10-04 15:51:31'),
(264, '14', '35', '5', '2021-10-04 15:51:31', '2021-10-04 15:51:31'),
(265, '14', '36', '4', '2021-10-04 15:51:31', '2021-10-04 15:51:31'),
(266, '14', '37', '5', '2021-10-04 15:51:31', '2021-10-04 15:51:31'),
(267, '14', '38', '4', '2021-10-04 15:51:31', '2021-10-04 15:51:31'),
(268, '14', '39', '4', '2021-10-04 15:51:31', '2021-10-04 15:51:31'),
(269, '14', '40', '10', '2021-10-04 15:51:31', '2021-10-04 15:51:31'),
(270, '14', '41', '4', '2021-10-04 15:51:31', '2021-10-04 15:51:31'),
(271, '14', '42', '0', '2021-10-04 15:51:31', '2021-10-04 15:51:31'),
(272, '14', 's6', '3', '2021-10-04 15:51:31', '2021-10-04 15:51:31'),
(273, '14', 's7', '0', '2021-10-04 15:51:31', '2021-10-04 15:51:31'),
(274, '14', 's8', '-3', '2021-10-04 15:51:31', '2021-10-04 15:51:31'),
(275, '14', 's9', '0', '2021-10-04 15:51:31', '2021-10-04 15:51:31'),
(276, '15', '22', '4', '2021-10-04 16:41:02', '2021-10-04 16:41:02'),
(277, '15', '23', '0', '2021-10-04 16:41:02', '2021-10-04 16:41:02'),
(278, '15', '24', '5', '2021-10-04 16:41:02', '2021-10-04 16:41:02'),
(279, '15', '25', '4', '2021-10-04 16:41:02', '2021-10-04 16:41:02'),
(280, '15', '26', '4', '2021-10-04 16:41:02', '2021-10-04 16:41:02'),
(281, '15', '27', '3', '2021-10-04 16:41:02', '2021-10-04 16:41:02'),
(282, '15', '28', '3', '2021-10-04 16:41:02', '2021-10-04 16:41:02'),
(283, '15', '29', '3', '2021-10-04 16:41:02', '2021-10-04 16:41:02'),
(284, '15', '30', '8', '2021-10-04 16:41:02', '2021-10-04 16:41:02'),
(285, '15', '31', '4', '2021-10-04 16:41:02', '2021-10-04 16:41:02'),
(286, '15', '32', '4', '2021-10-04 16:41:02', '2021-10-04 16:41:02'),
(287, '15', '33', '12', '2021-10-04 16:41:02', '2021-10-04 16:41:02'),
(288, '15', '34', '6', '2021-10-04 16:41:02', '2021-10-04 16:41:02'),
(289, '15', '35', '5', '2021-10-04 16:41:02', '2021-10-04 16:41:02'),
(290, '15', '36', '4', '2021-10-04 16:41:02', '2021-10-04 16:41:02'),
(291, '15', '37', '5', '2021-10-04 16:41:02', '2021-10-04 16:41:02'),
(292, '15', '38', '4', '2021-10-04 16:41:02', '2021-10-04 16:41:02'),
(293, '15', '39', '4', '2021-10-04 16:41:02', '2021-10-04 16:41:02'),
(294, '15', '40', '10', '2021-10-04 16:41:02', '2021-10-04 16:41:02'),
(295, '15', '41', '4', '2021-10-04 16:41:02', '2021-10-04 16:41:02'),
(296, '15', '42', '2', '2021-10-04 16:41:02', '2021-10-04 16:41:02'),
(297, '15', 's6', 'Nan', '2021-10-04 16:41:02', '2021-10-04 16:41:02'),
(298, '15', 's7', 'Nan', '2021-10-04 16:41:02', '2021-10-04 16:41:02'),
(299, '15', 's8', 'Nan', '2021-10-04 16:41:02', '2021-10-04 16:41:02'),
(300, '15', 's9', 'Nan', '2021-10-04 16:41:02', '2021-10-04 16:41:02'),
(301, '16', '22', '4', '2021-10-04 16:45:48', '2021-10-04 16:45:48'),
(302, '16', '23', '0', '2021-10-04 16:45:48', '2021-10-04 16:45:48'),
(303, '16', '24', '5', '2021-10-04 16:45:48', '2021-10-04 16:45:48'),
(304, '16', '25', '4', '2021-10-04 16:45:48', '2021-10-04 16:45:48'),
(305, '16', '26', '4', '2021-10-04 16:45:48', '2021-10-04 16:45:48'),
(306, '16', '27', '3', '2021-10-04 16:45:48', '2021-10-04 16:45:48'),
(307, '16', '28', '3', '2021-10-04 16:45:48', '2021-10-04 16:45:48'),
(308, '16', '29', '3', '2021-10-04 16:45:48', '2021-10-04 16:45:48'),
(309, '16', '30', '8', '2021-10-04 16:45:48', '2021-10-04 16:45:48'),
(310, '16', '31', '4', '2021-10-04 16:45:48', '2021-10-04 16:45:48'),
(311, '16', '32', '4', '2021-10-04 16:45:48', '2021-10-04 16:45:48'),
(312, '16', '33', '12', '2021-10-04 16:45:48', '2021-10-04 16:45:48'),
(313, '16', '34', '6', '2021-10-04 16:45:48', '2021-10-04 16:45:48'),
(314, '16', '35', '5', '2021-10-04 16:45:48', '2021-10-04 16:45:48'),
(315, '16', '36', '4', '2021-10-04 16:45:48', '2021-10-04 16:45:48'),
(316, '16', '37', '5', '2021-10-04 16:45:48', '2021-10-04 16:45:48'),
(317, '16', '38', '4', '2021-10-04 16:45:48', '2021-10-04 16:45:48'),
(318, '16', '39', '4', '2021-10-04 16:45:48', '2021-10-04 16:45:48'),
(319, '16', '40', '10', '2021-10-04 16:45:48', '2021-10-04 16:45:48'),
(320, '16', '41', '4', '2021-10-04 16:45:48', '2021-10-04 16:45:48'),
(321, '16', '42', '2', '2021-10-04 16:45:48', '2021-10-04 16:45:48'),
(322, '16', 's6', 'Nan', '2021-10-04 16:45:48', '2021-10-04 16:45:48'),
(323, '16', 's7', 'Nan', '2021-10-04 16:45:48', '2021-10-04 16:45:48'),
(324, '16', 's8', 'Nan', '2021-10-04 16:45:48', '2021-10-04 16:45:48'),
(325, '16', 's9', 'Nan', '2021-10-04 16:45:48', '2021-10-04 16:45:48'),
(326, '17', '22', '4', '2021-10-06 09:52:56', '2021-10-06 09:52:56'),
(327, '17', '23', '0', '2021-10-06 09:52:56', '2021-10-06 09:52:56'),
(328, '17', '24', '5', '2021-10-06 09:52:56', '2021-10-06 09:52:56'),
(329, '17', '25', '4', '2021-10-06 09:52:56', '2021-10-06 09:52:56'),
(330, '17', '26', '4', '2021-10-06 09:52:56', '2021-10-06 09:52:56'),
(331, '17', '27', '3', '2021-10-06 09:52:56', '2021-10-06 09:52:56'),
(332, '17', '28', '3', '2021-10-06 09:52:56', '2021-10-06 09:52:56'),
(333, '17', '29', '3', '2021-10-06 09:52:56', '2021-10-06 09:52:56'),
(334, '17', '30', '8', '2021-10-06 09:52:56', '2021-10-06 09:52:56'),
(335, '17', '31', '4', '2021-10-06 09:52:56', '2021-10-06 09:52:56'),
(336, '17', '32', '4', '2021-10-06 09:52:56', '2021-10-06 09:52:56'),
(337, '17', '33', '12', '2021-10-06 09:52:56', '2021-10-06 09:52:56'),
(338, '17', '34', '6', '2021-10-06 09:52:56', '2021-10-06 09:52:56'),
(339, '17', '35', '5', '2021-10-06 09:52:56', '2021-10-06 09:52:56'),
(340, '17', '36', '4', '2021-10-06 09:52:56', '2021-10-06 09:52:56'),
(341, '17', '37', '5', '2021-10-06 09:52:56', '2021-10-06 09:52:56'),
(342, '17', '38', '4', '2021-10-06 09:52:56', '2021-10-06 09:52:56'),
(343, '17', '39', '4', '2021-10-06 09:52:56', '2021-10-06 09:52:56'),
(344, '17', '40', '10', '2021-10-06 09:52:56', '2021-10-06 09:52:56'),
(345, '17', '41', '4', '2021-10-06 09:52:56', '2021-10-06 09:52:56'),
(346, '17', '42', '2', '2021-10-06 09:52:56', '2021-10-06 09:52:56'),
(347, '17', 's6', 'Nan', '2021-10-06 09:52:56', '2021-10-06 09:52:56'),
(348, '17', 's7', 'Nan', '2021-10-06 09:52:56', '2021-10-06 09:52:56'),
(349, '17', 's8', 'Nan', '2021-10-06 09:52:56', '2021-10-06 09:52:56'),
(350, '17', 's9', 'Nan', '2021-10-06 09:52:56', '2021-10-06 09:52:56'),
(351, '18', '22', '4', '2021-10-06 10:08:20', '2021-10-06 10:08:20'),
(352, '18', '23', 'Nan', '2021-10-06 10:08:20', '2021-10-06 10:08:20'),
(353, '18', '24', '5', '2021-10-06 10:08:20', '2021-10-06 10:08:20'),
(354, '18', '25', '4', '2021-10-06 10:08:20', '2021-10-06 10:08:20'),
(355, '18', '26', '4', '2021-10-06 10:08:20', '2021-10-06 10:08:20'),
(356, '18', '27', '3', '2021-10-06 10:08:20', '2021-10-06 10:08:20'),
(357, '18', '28', '3', '2021-10-06 10:08:20', '2021-10-06 10:08:20'),
(358, '18', '29', '3', '2021-10-06 10:08:20', '2021-10-06 10:08:20'),
(359, '18', '30', '8', '2021-10-06 10:08:20', '2021-10-06 10:08:20'),
(360, '18', '31', '4', '2021-10-06 10:08:20', '2021-10-06 10:08:20'),
(361, '18', '32', '4', '2021-10-06 10:08:20', '2021-10-06 10:08:20'),
(362, '18', '33', '12', '2021-10-06 10:08:20', '2021-10-06 10:08:20'),
(363, '18', '34', '6', '2021-10-06 10:08:20', '2021-10-06 10:08:20'),
(364, '18', '35', '5', '2021-10-06 10:08:20', '2021-10-06 10:08:20'),
(365, '18', '36', '4', '2021-10-06 10:08:20', '2021-10-06 10:08:20'),
(366, '18', '37', '5', '2021-10-06 10:08:20', '2021-10-06 10:08:20'),
(367, '18', '38', '4', '2021-10-06 10:08:20', '2021-10-06 10:08:20'),
(368, '18', '39', '4', '2021-10-06 10:08:20', '2021-10-06 10:08:20'),
(369, '18', '40', '10', '2021-10-06 10:08:20', '2021-10-06 10:08:20'),
(370, '18', '41', '4', '2021-10-06 10:08:20', '2021-10-06 10:08:20'),
(371, '18', '42', '2', '2021-10-06 10:08:20', '2021-10-06 10:08:20'),
(372, '18', 's6', '3', '2021-10-06 10:08:20', '2021-10-06 10:08:20'),
(373, '18', 's7', '-3', '2021-10-06 10:08:20', '2021-10-06 10:08:20'),
(374, '18', 's8', '-3', '2021-10-06 10:08:20', '2021-10-06 10:08:20'),
(375, '18', 's9', '-3', '2021-10-06 10:08:20', '2021-10-06 10:08:20'),
(376, '19', '22', '0', '2021-10-09 10:29:13', '2021-10-09 10:29:13'),
(377, '19', '23', '2', '2021-10-09 10:29:13', '2021-10-09 10:29:13'),
(378, '19', '24', '5', '2021-10-09 10:29:13', '2021-10-09 10:29:13'),
(379, '19', '25', '4', '2021-10-09 10:29:13', '2021-10-09 10:29:13'),
(380, '19', '26', '4', '2021-10-09 10:29:13', '2021-10-09 10:29:13'),
(381, '19', '27', '3', '2021-10-09 10:29:13', '2021-10-09 10:29:13'),
(382, '19', '28', '3', '2021-10-09 10:29:13', '2021-10-09 10:29:13'),
(383, '19', '29', '3', '2021-10-09 10:29:13', '2021-10-09 10:29:13'),
(384, '19', '30', '8', '2021-10-09 10:29:13', '2021-10-09 10:29:13'),
(385, '19', '31', '4', '2021-10-09 10:29:13', '2021-10-09 10:29:13'),
(386, '19', '32', '4', '2021-10-09 10:29:13', '2021-10-09 10:29:13'),
(387, '19', '33', '12', '2021-10-09 10:29:13', '2021-10-09 10:29:13'),
(388, '19', '34', '6', '2021-10-09 10:29:13', '2021-10-09 10:29:13'),
(389, '19', '35', '5', '2021-10-09 10:29:13', '2021-10-09 10:29:13'),
(390, '19', '36', '4', '2021-10-09 10:29:13', '2021-10-09 10:29:13'),
(391, '19', '37', '5', '2021-10-09 10:29:13', '2021-10-09 10:29:13'),
(392, '19', '38', '4', '2021-10-09 10:29:13', '2021-10-09 10:29:13'),
(393, '19', '39', '4', '2021-10-09 10:29:13', '2021-10-09 10:29:13'),
(394, '19', '40', '10', '2021-10-09 10:29:13', '2021-10-09 10:29:13'),
(395, '19', '41', '4', '2021-10-09 10:29:13', '2021-10-09 10:29:13'),
(396, '19', '42', '2', '2021-10-09 10:29:13', '2021-10-09 10:29:13'),
(397, '19', 's6', 'Nan', '2021-10-09 10:29:13', '2021-10-09 10:29:13'),
(398, '19', 's7', 'Nan', '2021-10-09 10:29:13', '2021-10-09 10:29:13'),
(399, '19', 's8', 'Nan', '2021-10-09 10:29:13', '2021-10-09 10:29:13'),
(400, '19', 's9', 'Nan', '2021-10-09 10:29:13', '2021-10-09 10:29:13'),
(401, '20', '22', '4', '2021-10-09 10:31:05', '2021-10-09 10:31:05'),
(402, '20', '23', '2', '2021-10-09 10:31:05', '2021-10-09 10:31:05'),
(403, '20', '24', '5', '2021-10-09 10:31:05', '2021-10-09 10:31:05'),
(404, '20', '25', '4', '2021-10-09 10:31:05', '2021-10-09 10:31:05'),
(405, '20', '26', '4', '2021-10-09 10:31:05', '2021-10-09 10:31:05'),
(406, '20', '27', '3', '2021-10-09 10:31:05', '2021-10-09 10:31:05'),
(407, '20', '28', '3', '2021-10-09 10:31:05', '2021-10-09 10:31:05'),
(408, '20', '29', '3', '2021-10-09 10:31:05', '2021-10-09 10:31:05'),
(409, '20', '30', '8', '2021-10-09 10:31:05', '2021-10-09 10:31:05'),
(410, '20', '31', '4', '2021-10-09 10:31:05', '2021-10-09 10:31:05'),
(411, '20', '32', '4', '2021-10-09 10:31:05', '2021-10-09 10:31:05'),
(412, '20', '33', '12', '2021-10-09 10:31:05', '2021-10-09 10:31:05'),
(413, '20', '34', '6', '2021-10-09 10:31:05', '2021-10-09 10:31:05'),
(414, '20', '35', '5', '2021-10-09 10:31:05', '2021-10-09 10:31:05'),
(415, '20', '36', '4', '2021-10-09 10:31:05', '2021-10-09 10:31:05'),
(416, '20', '37', '5', '2021-10-09 10:31:05', '2021-10-09 10:31:05'),
(417, '20', '38', '0', '2021-10-09 10:31:05', '2021-10-09 10:31:05'),
(418, '20', '39', '4', '2021-10-09 10:31:05', '2021-10-09 10:31:05'),
(419, '20', '40', '10', '2021-10-09 10:31:05', '2021-10-09 10:31:05'),
(420, '20', '41', '4', '2021-10-09 10:31:05', '2021-10-09 10:31:05'),
(421, '20', '42', '2', '2021-10-09 10:31:05', '2021-10-09 10:31:05'),
(422, '20', 's6', '3', '2021-10-09 10:31:05', '2021-10-09 10:31:05'),
(423, '20', 's7', '-3', '2021-10-09 10:31:05', '2021-10-09 10:31:05'),
(424, '20', 's8', '-3', '2021-10-09 10:31:05', '2021-10-09 10:31:05'),
(425, '20', 's9', '-3', '2021-10-09 10:31:05', '2021-10-09 10:31:05'),
(426, '21', '22', '4', '2021-10-31 12:06:27', '2021-10-31 12:06:27'),
(427, '21', '23', '2', '2021-10-31 12:06:27', '2021-10-31 12:06:27'),
(428, '21', '24', '5', '2021-10-31 12:06:27', '2021-10-31 12:06:27'),
(429, '21', '25', '4', '2021-10-31 12:06:27', '2021-10-31 12:06:27'),
(430, '21', '26', '4', '2021-10-31 12:06:27', '2021-10-31 12:06:27'),
(431, '21', '27', '3', '2021-10-31 12:06:27', '2021-10-31 12:06:27'),
(432, '21', '28', '3', '2021-10-31 12:06:27', '2021-10-31 12:06:27'),
(433, '21', '29', '3', '2021-10-31 12:06:28', '2021-10-31 12:06:28'),
(434, '21', '30', '8', '2021-10-31 12:06:28', '2021-10-31 12:06:28'),
(435, '21', '31', '4', '2021-10-31 12:06:28', '2021-10-31 12:06:28'),
(436, '21', '32', '4', '2021-10-31 12:06:28', '2021-10-31 12:06:28'),
(437, '21', '33', '12', '2021-10-31 12:06:28', '2021-10-31 12:06:28'),
(438, '21', '34', '6', '2021-10-31 12:06:28', '2021-10-31 12:06:28'),
(439, '21', '35', '5', '2021-10-31 12:06:28', '2021-10-31 12:06:28'),
(440, '21', '36', '4', '2021-10-31 12:06:28', '2021-10-31 12:06:28'),
(441, '21', '37', '5', '2021-10-31 12:06:28', '2021-10-31 12:06:28'),
(442, '21', '38', '4', '2021-10-31 12:06:28', '2021-10-31 12:06:28'),
(443, '21', '39', '4', '2021-10-31 12:06:28', '2021-10-31 12:06:28'),
(444, '21', '40', '10', '2021-10-31 12:06:28', '2021-10-31 12:06:28'),
(445, '21', '41', '4', '2021-10-31 12:06:28', '2021-10-31 12:06:28'),
(446, '21', '42', '2', '2021-10-31 12:06:28', '2021-10-31 12:06:28'),
(447, '21', 's6', 'Nan', '2021-10-31 12:06:28', '2021-10-31 12:06:28'),
(448, '21', 's7', 'Nan', '2021-10-31 12:06:28', '2021-10-31 12:06:28'),
(449, '21', 's8', 'Nan', '2021-10-31 12:06:28', '2021-10-31 12:06:28'),
(450, '21', 's9', 'Nan', '2021-10-31 12:06:28', '2021-10-31 12:06:28'),
(451, '22', '22', '4', '2021-10-31 12:44:49', '2021-10-31 12:44:49'),
(452, '22', '23', '2', '2021-10-31 12:44:49', '2021-10-31 12:44:49'),
(453, '22', '24', '5', '2021-10-31 12:44:49', '2021-10-31 12:44:49'),
(454, '22', '25', '4', '2021-10-31 12:44:49', '2021-10-31 12:44:49'),
(455, '22', '26', '4', '2021-10-31 12:44:49', '2021-10-31 12:44:49'),
(456, '22', '27', '3', '2021-10-31 12:44:49', '2021-10-31 12:44:49'),
(457, '22', '28', '3', '2021-10-31 12:44:49', '2021-10-31 12:44:49'),
(458, '22', '29', '3', '2021-10-31 12:44:49', '2021-10-31 12:44:49'),
(459, '22', '30', '8', '2021-10-31 12:44:49', '2021-10-31 12:44:49'),
(460, '22', '31', '4', '2021-10-31 12:44:49', '2021-10-31 12:44:49'),
(461, '22', '32', '4', '2021-10-31 12:44:49', '2021-10-31 12:44:49'),
(462, '22', '33', '12', '2021-10-31 12:44:49', '2021-10-31 12:44:49'),
(463, '22', '34', '6', '2021-10-31 12:44:49', '2021-10-31 12:44:49'),
(464, '22', '35', '5', '2021-10-31 12:44:49', '2021-10-31 12:44:49'),
(465, '22', '36', '4', '2021-10-31 12:44:49', '2021-10-31 12:44:49'),
(466, '22', '37', '5', '2021-10-31 12:44:49', '2021-10-31 12:44:49'),
(467, '22', '38', '4', '2021-10-31 12:44:49', '2021-10-31 12:44:49'),
(468, '22', '39', '4', '2021-10-31 12:44:49', '2021-10-31 12:44:49'),
(469, '22', '40', '10', '2021-10-31 12:44:49', '2021-10-31 12:44:49'),
(470, '22', '41', '4', '2021-10-31 12:44:49', '2021-10-31 12:44:49'),
(471, '22', '42', '2', '2021-10-31 12:44:49', '2021-10-31 12:44:49'),
(472, '22', 's6', 'Nan', '2021-10-31 12:44:49', '2021-10-31 12:44:49'),
(473, '22', 's7', 'Nan', '2021-10-31 12:44:49', '2021-10-31 12:44:49'),
(474, '22', 's8', 'Nan', '2021-10-31 12:44:49', '2021-10-31 12:44:49'),
(475, '22', 's9', 'Nan', '2021-10-31 12:44:49', '2021-10-31 12:44:49'),
(476, '23', '22', '4', '2021-10-31 17:22:22', '2021-10-31 17:22:22'),
(477, '23', '23', '2', '2021-10-31 17:22:22', '2021-10-31 17:22:22'),
(478, '23', '24', '5', '2021-10-31 17:22:22', '2021-10-31 17:22:22'),
(479, '23', '25', '4', '2021-10-31 17:22:22', '2021-10-31 17:22:22'),
(480, '23', '26', '4', '2021-10-31 17:22:22', '2021-10-31 17:22:22'),
(481, '23', '27', '3', '2021-10-31 17:22:22', '2021-10-31 17:22:22'),
(482, '23', '28', '3', '2021-10-31 17:22:22', '2021-10-31 17:22:22'),
(483, '23', '29', '3', '2021-10-31 17:22:22', '2021-10-31 17:22:22'),
(484, '23', '30', '8', '2021-10-31 17:22:22', '2021-10-31 17:22:22'),
(485, '23', '31', '4', '2021-10-31 17:22:22', '2021-10-31 17:22:22'),
(486, '23', '32', '4', '2021-10-31 17:22:22', '2021-10-31 17:22:22'),
(487, '23', '33', '12', '2021-10-31 17:22:22', '2021-10-31 17:22:22'),
(488, '23', '34', '6', '2021-10-31 17:22:22', '2021-10-31 17:22:22'),
(489, '23', '35', '5', '2021-10-31 17:22:22', '2021-10-31 17:22:22'),
(490, '23', '36', '4', '2021-10-31 17:22:22', '2021-10-31 17:22:22'),
(491, '23', '37', '5', '2021-10-31 17:22:22', '2021-10-31 17:22:22'),
(492, '23', '38', '4', '2021-10-31 17:22:22', '2021-10-31 17:22:22'),
(493, '23', '39', '4', '2021-10-31 17:22:22', '2021-10-31 17:22:22'),
(494, '23', '40', '10', '2021-10-31 17:22:22', '2021-10-31 17:22:22'),
(495, '23', '41', '4', '2021-10-31 17:22:22', '2021-10-31 17:22:22'),
(496, '23', '42', '2', '2021-10-31 17:22:22', '2021-10-31 17:22:22'),
(497, '23', 's6', 'Nan', '2021-10-31 17:22:22', '2021-10-31 17:22:22'),
(498, '23', 's7', 'Nan', '2021-10-31 17:22:22', '2021-10-31 17:22:22'),
(499, '23', 's8', 'Nan', '2021-10-31 17:22:22', '2021-10-31 17:22:22'),
(500, '23', 's9', 'Nan', '2021-10-31 17:22:22', '2021-10-31 17:22:22'),
(501, '24', '43', '0', '2021-11-03 16:36:31', '2021-11-03 16:36:31'),
(502, '24', '44', '2', '2021-11-03 16:36:31', '2021-11-03 16:36:31'),
(503, '24', '45', '5', '2021-11-03 16:36:31', '2021-11-03 16:36:31'),
(504, '24', '46', '4', '2021-11-03 16:36:31', '2021-11-03 16:36:31'),
(505, '24', '47', '4', '2021-11-03 16:36:31', '2021-11-03 16:36:31'),
(506, '24', '48', '3', '2021-11-03 16:36:31', '2021-11-03 16:36:31'),
(507, '24', '49', '3', '2021-11-03 16:36:31', '2021-11-03 16:36:31'),
(508, '24', '50', '3', '2021-11-03 16:36:31', '2021-11-03 16:36:31'),
(509, '24', '51', '8', '2021-11-03 16:36:31', '2021-11-03 16:36:31'),
(510, '24', '52', '4', '2021-11-03 16:36:31', '2021-11-03 16:36:31'),
(511, '24', '53', '4', '2021-11-03 16:36:31', '2021-11-03 16:36:31'),
(512, '24', '54', '12', '2021-11-03 16:36:31', '2021-11-03 16:36:31'),
(513, '24', '55', '6', '2021-11-03 16:36:31', '2021-11-03 16:36:31'),
(514, '24', '56', '5', '2021-11-03 16:36:31', '2021-11-03 16:36:31'),
(515, '24', '57', '4', '2021-11-03 16:36:31', '2021-11-03 16:36:31'),
(516, '24', '58', '5', '2021-11-03 16:36:31', '2021-11-03 16:36:31'),
(517, '24', '59', '4', '2021-11-03 16:36:31', '2021-11-03 16:36:31'),
(518, '24', '60', '4', '2021-11-03 16:36:31', '2021-11-03 16:36:31'),
(519, '24', '61', '10', '2021-11-03 16:36:31', '2021-11-03 16:36:31'),
(520, '24', '62', '4', '2021-11-03 16:36:31', '2021-11-03 16:36:31'),
(521, '24', '63', '0', '2021-11-03 16:36:31', '2021-11-03 16:36:31'),
(522, '24', 's10', 'Nan', '2021-11-03 16:36:31', '2021-11-03 16:36:31'),
(523, '24', 's11', 'Nan', '2021-11-03 16:36:31', '2021-11-03 16:36:31'),
(524, '24', 's12', 'Nan', '2021-11-03 16:36:31', '2021-11-03 16:36:31'),
(525, '24', 's13', 'Nan', '2021-11-03 16:36:31', '2021-11-03 16:36:31'),
(526, '25', '43', '0', '2021-11-03 16:37:41', '2021-11-03 16:37:41'),
(527, '25', '44', '2', '2021-11-03 16:37:41', '2021-11-03 16:37:41'),
(528, '25', '45', '5', '2021-11-03 16:37:41', '2021-11-03 16:37:41'),
(529, '25', '46', '4', '2021-11-03 16:37:41', '2021-11-03 16:37:41'),
(530, '25', '47', '4', '2021-11-03 16:37:41', '2021-11-03 16:37:41'),
(531, '25', '48', '3', '2021-11-03 16:37:42', '2021-11-03 16:37:42'),
(532, '25', '49', '3', '2021-11-03 16:37:42', '2021-11-03 16:37:42'),
(533, '25', '50', '3', '2021-11-03 16:37:42', '2021-11-03 16:37:42'),
(534, '25', '51', '8', '2021-11-03 16:37:42', '2021-11-03 16:37:42'),
(535, '25', '52', '4', '2021-11-03 16:37:42', '2021-11-03 16:37:42'),
(536, '25', '53', '4', '2021-11-03 16:37:42', '2021-11-03 16:37:42'),
(537, '25', '54', '12', '2021-11-03 16:37:42', '2021-11-03 16:37:42'),
(538, '25', '55', '6', '2021-11-03 16:37:42', '2021-11-03 16:37:42'),
(539, '25', '56', '5', '2021-11-03 16:37:42', '2021-11-03 16:37:42'),
(540, '25', '57', '4', '2021-11-03 16:37:42', '2021-11-03 16:37:42'),
(541, '25', '58', '5', '2021-11-03 16:37:42', '2021-11-03 16:37:42'),
(542, '25', '59', '4', '2021-11-03 16:37:42', '2021-11-03 16:37:42'),
(543, '25', '60', '4', '2021-11-03 16:37:42', '2021-11-03 16:37:42'),
(544, '25', '61', 'Nan', '2021-11-03 16:37:42', '2021-11-03 16:37:42'),
(545, '25', '62', '4', '2021-11-03 16:37:42', '2021-11-03 16:37:42'),
(546, '25', '63', '0', '2021-11-03 16:37:42', '2021-11-03 16:37:42'),
(547, '25', 's10', 'Nan', '2021-11-03 16:37:42', '2021-11-03 16:37:42'),
(548, '25', 's11', 'Nan', '2021-11-03 16:37:42', '2021-11-03 16:37:42'),
(549, '25', 's12', 'Nan', '2021-11-03 16:37:42', '2021-11-03 16:37:42'),
(550, '25', 's13', 'Nan', '2021-11-03 16:37:42', '2021-11-03 16:37:42'),
(551, '26', '43', '4', '2021-11-03 16:38:46', '2021-11-03 16:38:46'),
(552, '26', '44', '2', '2021-11-03 16:38:46', '2021-11-03 16:38:46'),
(553, '26', '45', '5', '2021-11-03 16:38:46', '2021-11-03 16:38:46'),
(554, '26', '46', '4', '2021-11-03 16:38:46', '2021-11-03 16:38:46'),
(555, '26', '47', '4', '2021-11-03 16:38:46', '2021-11-03 16:38:46'),
(556, '26', '48', '3', '2021-11-03 16:38:46', '2021-11-03 16:38:46'),
(557, '26', '49', '3', '2021-11-03 16:38:46', '2021-11-03 16:38:46'),
(558, '26', '50', '3', '2021-11-03 16:38:46', '2021-11-03 16:38:46'),
(559, '26', '51', '8', '2021-11-03 16:38:46', '2021-11-03 16:38:46'),
(560, '26', '52', '4', '2021-11-03 16:38:46', '2021-11-03 16:38:46'),
(561, '26', '53', '4', '2021-11-03 16:38:46', '2021-11-03 16:38:46'),
(562, '26', '54', '12', '2021-11-03 16:38:46', '2021-11-03 16:38:46'),
(563, '26', '55', '6', '2021-11-03 16:38:46', '2021-11-03 16:38:46'),
(564, '26', '56', '5', '2021-11-03 16:38:46', '2021-11-03 16:38:46'),
(565, '26', '57', '4', '2021-11-03 16:38:46', '2021-11-03 16:38:46'),
(566, '26', '58', '5', '2021-11-03 16:38:46', '2021-11-03 16:38:46'),
(567, '26', '59', '4', '2021-11-03 16:38:46', '2021-11-03 16:38:46'),
(568, '26', '60', '4', '2021-11-03 16:38:46', '2021-11-03 16:38:46'),
(569, '26', '61', 'Nan', '2021-11-03 16:38:46', '2021-11-03 16:38:46'),
(570, '26', '62', '4', '2021-11-03 16:38:46', '2021-11-03 16:38:46'),
(571, '26', '63', '2', '2021-11-03 16:38:46', '2021-11-03 16:38:46'),
(572, '26', 's10', 'Nan', '2021-11-03 16:38:46', '2021-11-03 16:38:46'),
(573, '26', 's11', 'Nan', '2021-11-03 16:38:46', '2021-11-03 16:38:46'),
(574, '26', 's12', 'Nan', '2021-11-03 16:38:46', '2021-11-03 16:38:46'),
(575, '26', 's13', 'Nan', '2021-11-03 16:38:46', '2021-11-03 16:38:46'),
(576, '27', '43', '4', '2021-11-03 16:39:51', '2021-11-03 16:39:51'),
(577, '27', '44', '2', '2021-11-03 16:39:51', '2021-11-03 16:39:51'),
(578, '27', '45', '5', '2021-11-03 16:39:51', '2021-11-03 16:39:51'),
(579, '27', '46', '4', '2021-11-03 16:39:51', '2021-11-03 16:39:51'),
(580, '27', '47', '4', '2021-11-03 16:39:51', '2021-11-03 16:39:51'),
(581, '27', '48', '3', '2021-11-03 16:39:51', '2021-11-03 16:39:51'),
(582, '27', '49', '3', '2021-11-03 16:39:51', '2021-11-03 16:39:51'),
(583, '27', '50', '3', '2021-11-03 16:39:51', '2021-11-03 16:39:51'),
(584, '27', '51', '8', '2021-11-03 16:39:51', '2021-11-03 16:39:51'),
(585, '27', '52', '4', '2021-11-03 16:39:51', '2021-11-03 16:39:51'),
(586, '27', '53', '4', '2021-11-03 16:39:51', '2021-11-03 16:39:51'),
(587, '27', '54', '12', '2021-11-03 16:39:51', '2021-11-03 16:39:51'),
(588, '27', '55', '6', '2021-11-03 16:39:51', '2021-11-03 16:39:51'),
(589, '27', '56', '5', '2021-11-03 16:39:51', '2021-11-03 16:39:51'),
(590, '27', '57', '4', '2021-11-03 16:39:51', '2021-11-03 16:39:51'),
(591, '27', '58', '5', '2021-11-03 16:39:51', '2021-11-03 16:39:51'),
(592, '27', '59', '4', '2021-11-03 16:39:51', '2021-11-03 16:39:51'),
(593, '27', '60', '4', '2021-11-03 16:39:51', '2021-11-03 16:39:51'),
(594, '27', '61', '10', '2021-11-03 16:39:51', '2021-11-03 16:39:51'),
(595, '27', '62', '0', '2021-11-03 16:39:51', '2021-11-03 16:39:51'),
(596, '27', '63', '0', '2021-11-03 16:39:51', '2021-11-03 16:39:51'),
(597, '27', 's10', 'Nan', '2021-11-03 16:39:52', '2021-11-03 16:39:52'),
(598, '27', 's11', 'Nan', '2021-11-03 16:39:52', '2021-11-03 16:39:52'),
(599, '27', 's12', 'Nan', '2021-11-03 16:39:52', '2021-11-03 16:39:52'),
(600, '27', 's13', 'Nan', '2021-11-03 16:39:52', '2021-11-03 16:39:52'),
(601, '28', '43', '4', '2021-11-04 13:15:45', '2021-11-04 13:15:45'),
(602, '28', '44', '2', '2021-11-04 13:15:45', '2021-11-04 13:15:45'),
(603, '28', '45', '5', '2021-11-04 13:15:45', '2021-11-04 13:15:45'),
(604, '28', '46', '4', '2021-11-04 13:15:45', '2021-11-04 13:15:45'),
(605, '28', '47', '4', '2021-11-04 13:15:45', '2021-11-04 13:15:45'),
(606, '28', '48', '3', '2021-11-04 13:15:45', '2021-11-04 13:15:45'),
(607, '28', '49', '3', '2021-11-04 13:15:45', '2021-11-04 13:15:45'),
(608, '28', '50', '3', '2021-11-04 13:15:45', '2021-11-04 13:15:45'),
(609, '28', '51', '8', '2021-11-04 13:15:45', '2021-11-04 13:15:45'),
(610, '28', '52', '4', '2021-11-04 13:15:45', '2021-11-04 13:15:45'),
(611, '28', '53', '4', '2021-11-04 13:15:45', '2021-11-04 13:15:45'),
(612, '28', '54', '0', '2021-11-04 13:15:45', '2021-11-04 13:15:45'),
(613, '28', '55', '6', '2021-11-04 13:15:45', '2021-11-04 13:15:45'),
(614, '28', '56', '5', '2021-11-04 13:15:45', '2021-11-04 13:15:45'),
(615, '28', '57', '4', '2021-11-04 13:15:45', '2021-11-04 13:15:45'),
(616, '28', '58', '5', '2021-11-04 13:15:45', '2021-11-04 13:15:45'),
(617, '28', '59', '4', '2021-11-04 13:15:45', '2021-11-04 13:15:45'),
(618, '28', '60', '4', '2021-11-04 13:15:45', '2021-11-04 13:15:45'),
(619, '28', '61', '10', '2021-11-04 13:15:45', '2021-11-04 13:15:45'),
(620, '28', '62', '4', '2021-11-04 13:15:45', '2021-11-04 13:15:45'),
(621, '28', '63', '2', '2021-11-04 13:15:45', '2021-11-04 13:15:45'),
(622, '28', 's10', 'Nan', '2021-11-04 13:15:45', '2021-11-04 13:15:45'),
(623, '28', 's11', 'Nan', '2021-11-04 13:15:45', '2021-11-04 13:15:45'),
(624, '28', 's12', 'Nan', '2021-11-04 13:15:45', '2021-11-04 13:15:45'),
(625, '28', 's13', 'Nan', '2021-11-04 13:15:45', '2021-11-04 13:15:45'),
(626, '29', '43', '0', '2021-11-07 09:57:17', '2021-11-07 09:57:17'),
(627, '29', '44', '2', '2021-11-07 09:57:17', '2021-11-07 09:57:17'),
(628, '29', '45', '5', '2021-11-07 09:57:17', '2021-11-07 09:57:17'),
(629, '29', '46', '4', '2021-11-07 09:57:17', '2021-11-07 09:57:17'),
(630, '29', '47', '4', '2021-11-07 09:57:17', '2021-11-07 09:57:17'),
(631, '29', '48', '3', '2021-11-07 09:57:17', '2021-11-07 09:57:17'),
(632, '29', '49', '3', '2021-11-07 09:57:17', '2021-11-07 09:57:17'),
(633, '29', '50', '3', '2021-11-07 09:57:17', '2021-11-07 09:57:17'),
(634, '29', '51', '8', '2021-11-07 09:57:17', '2021-11-07 09:57:17'),
(635, '29', '52', '4', '2021-11-07 09:57:17', '2021-11-07 09:57:17'),
(636, '29', '53', '4', '2021-11-07 09:57:17', '2021-11-07 09:57:17'),
(637, '29', '54', '12', '2021-11-07 09:57:17', '2021-11-07 09:57:17'),
(638, '29', '55', '6', '2021-11-07 09:57:17', '2021-11-07 09:57:17'),
(639, '29', '56', '5', '2021-11-07 09:57:17', '2021-11-07 09:57:17'),
(640, '29', '57', '4', '2021-11-07 09:57:17', '2021-11-07 09:57:17'),
(641, '29', '58', '5', '2021-11-07 09:57:17', '2021-11-07 09:57:17'),
(642, '29', '59', '4', '2021-11-07 09:57:17', '2021-11-07 09:57:17'),
(643, '29', '60', '4', '2021-11-07 09:57:17', '2021-11-07 09:57:17'),
(644, '29', '61', 'Nan', '2021-11-07 09:57:17', '2021-11-07 09:57:17'),
(645, '29', '62', '4', '2021-11-07 09:57:17', '2021-11-07 09:57:17'),
(646, '29', '63', '2', '2021-11-07 09:57:17', '2021-11-07 09:57:17'),
(647, '29', 's10', 'Nan', '2021-11-07 09:57:17', '2021-11-07 09:57:17'),
(648, '29', 's11', 'Nan', '2021-11-07 09:57:17', '2021-11-07 09:57:17'),
(649, '29', 's12', 'Nan', '2021-11-07 09:57:17', '2021-11-07 09:57:17'),
(650, '29', 's13', 'Nan', '2021-11-07 09:57:17', '2021-11-07 09:57:17'),
(651, '30', '43', '0', '2021-11-07 09:58:04', '2021-11-07 09:58:04'),
(652, '30', '44', '2', '2021-11-07 09:58:04', '2021-11-07 09:58:04'),
(653, '30', '45', '5', '2021-11-07 09:58:04', '2021-11-07 09:58:04'),
(654, '30', '46', '4', '2021-11-07 09:58:04', '2021-11-07 09:58:04'),
(655, '30', '47', '4', '2021-11-07 09:58:04', '2021-11-07 09:58:04'),
(656, '30', '48', '3', '2021-11-07 09:58:04', '2021-11-07 09:58:04'),
(657, '30', '49', '3', '2021-11-07 09:58:04', '2021-11-07 09:58:04'),
(658, '30', '50', '3', '2021-11-07 09:58:04', '2021-11-07 09:58:04'),
(659, '30', '51', '8', '2021-11-07 09:58:04', '2021-11-07 09:58:04'),
(660, '30', '52', '4', '2021-11-07 09:58:04', '2021-11-07 09:58:04'),
(661, '30', '53', '4', '2021-11-07 09:58:04', '2021-11-07 09:58:04'),
(662, '30', '54', '12', '2021-11-07 09:58:04', '2021-11-07 09:58:04'),
(663, '30', '55', '6', '2021-11-07 09:58:04', '2021-11-07 09:58:04'),
(664, '30', '56', '5', '2021-11-07 09:58:04', '2021-11-07 09:58:04'),
(665, '30', '57', '4', '2021-11-07 09:58:04', '2021-11-07 09:58:04'),
(666, '30', '58', '5', '2021-11-07 09:58:04', '2021-11-07 09:58:04'),
(667, '30', '59', '4', '2021-11-07 09:58:04', '2021-11-07 09:58:04'),
(668, '30', '60', '4', '2021-11-07 09:58:04', '2021-11-07 09:58:04'),
(669, '30', '61', '10', '2021-11-07 09:58:04', '2021-11-07 09:58:04'),
(670, '30', '62', '4', '2021-11-07 09:58:04', '2021-11-07 09:58:04'),
(671, '30', '63', '2', '2021-11-07 09:58:04', '2021-11-07 09:58:04'),
(672, '30', 's10', 'Nan', '2021-11-07 09:58:04', '2021-11-07 09:58:04'),
(673, '30', 's11', 'Nan', '2021-11-07 09:58:04', '2021-11-07 09:58:04'),
(674, '30', 's12', 'Nan', '2021-11-07 09:58:04', '2021-11-07 09:58:04'),
(675, '30', 's13', 'Nan', '2021-11-07 09:58:04', '2021-11-07 09:58:04'),
(676, '31', '43', '0', '2021-11-07 09:58:51', '2021-11-07 09:58:51'),
(677, '31', '44', '2', '2021-11-07 09:58:51', '2021-11-07 09:58:51'),
(678, '31', '45', '5', '2021-11-07 09:58:51', '2021-11-07 09:58:51'),
(679, '31', '46', '4', '2021-11-07 09:58:51', '2021-11-07 09:58:51'),
(680, '31', '47', '4', '2021-11-07 09:58:51', '2021-11-07 09:58:51'),
(681, '31', '48', '3', '2021-11-07 09:58:51', '2021-11-07 09:58:51'),
(682, '31', '49', '3', '2021-11-07 09:58:51', '2021-11-07 09:58:51'),
(683, '31', '50', '3', '2021-11-07 09:58:51', '2021-11-07 09:58:51'),
(684, '31', '51', '8', '2021-11-07 09:58:51', '2021-11-07 09:58:51'),
(685, '31', '52', '4', '2021-11-07 09:58:51', '2021-11-07 09:58:51'),
(686, '31', '53', '4', '2021-11-07 09:58:51', '2021-11-07 09:58:51'),
(687, '31', '54', '12', '2021-11-07 09:58:51', '2021-11-07 09:58:51'),
(688, '31', '55', '6', '2021-11-07 09:58:51', '2021-11-07 09:58:51'),
(689, '31', '56', '5', '2021-11-07 09:58:51', '2021-11-07 09:58:51'),
(690, '31', '57', '4', '2021-11-07 09:58:51', '2021-11-07 09:58:51'),
(691, '31', '58', '5', '2021-11-07 09:58:51', '2021-11-07 09:58:51'),
(692, '31', '59', '4', '2021-11-07 09:58:51', '2021-11-07 09:58:51'),
(693, '31', '60', '4', '2021-11-07 09:58:51', '2021-11-07 09:58:51'),
(694, '31', '61', '0', '2021-11-07 09:58:51', '2021-11-07 09:58:51'),
(695, '31', '62', '4', '2021-11-07 09:58:51', '2021-11-07 09:58:51'),
(696, '31', '63', '2', '2021-11-07 09:58:51', '2021-11-07 09:58:51'),
(697, '31', 's10', 'Nan', '2021-11-07 09:58:51', '2021-11-07 09:58:51'),
(698, '31', 's11', 'Nan', '2021-11-07 09:58:51', '2021-11-07 09:58:51'),
(699, '31', 's12', 'Nan', '2021-11-07 09:58:51', '2021-11-07 09:58:51'),
(700, '31', 's13', 'Nan', '2021-11-07 09:58:51', '2021-11-07 09:58:51'),
(701, '32', '43', '4', '2021-11-07 10:06:48', '2021-11-07 10:06:48'),
(702, '32', '44', '2', '2021-11-07 10:06:48', '2021-11-07 10:06:48'),
(703, '32', '45', '5', '2021-11-07 10:06:48', '2021-11-07 10:06:48'),
(704, '32', '46', '4', '2021-11-07 10:06:48', '2021-11-07 10:06:48'),
(705, '32', '47', '4', '2021-11-07 10:06:48', '2021-11-07 10:06:48'),
(706, '32', '48', '3', '2021-11-07 10:06:48', '2021-11-07 10:06:48'),
(707, '32', '49', '3', '2021-11-07 10:06:48', '2021-11-07 10:06:48'),
(708, '32', '50', '3', '2021-11-07 10:06:48', '2021-11-07 10:06:48'),
(709, '32', '51', '8', '2021-11-07 10:06:48', '2021-11-07 10:06:48'),
(710, '32', '52', '4', '2021-11-07 10:06:48', '2021-11-07 10:06:48'),
(711, '32', '53', '4', '2021-11-07 10:06:48', '2021-11-07 10:06:48'),
(712, '32', '54', '12', '2021-11-07 10:06:48', '2021-11-07 10:06:48'),
(713, '32', '55', '6', '2021-11-07 10:06:48', '2021-11-07 10:06:48'),
(714, '32', '56', '5', '2021-11-07 10:06:48', '2021-11-07 10:06:48'),
(715, '32', '57', '4', '2021-11-07 10:06:48', '2021-11-07 10:06:48'),
(716, '32', '58', '5', '2021-11-07 10:06:48', '2021-11-07 10:06:48'),
(717, '32', '59', '4', '2021-11-07 10:06:48', '2021-11-07 10:06:48'),
(718, '32', '60', '4', '2021-11-07 10:06:48', '2021-11-07 10:06:48'),
(719, '32', '61', '10', '2021-11-07 10:06:48', '2021-11-07 10:06:48'),
(720, '32', '62', '4', '2021-11-07 10:06:48', '2021-11-07 10:06:48'),
(721, '32', '63', '2', '2021-11-07 10:06:48', '2021-11-07 10:06:48'),
(722, '32', 's10', 'Nan', '2021-11-07 10:06:48', '2021-11-07 10:06:48'),
(723, '32', 's11', 'Nan', '2021-11-07 10:06:48', '2021-11-07 10:06:48'),
(724, '32', 's12', 'Nan', '2021-11-07 10:06:48', '2021-11-07 10:06:48'),
(725, '32', 's13', 'Nan', '2021-11-07 10:06:48', '2021-11-07 10:06:48'),
(726, '33', '43', '4', '2021-11-08 10:40:59', '2021-11-08 10:40:59'),
(727, '33', '44', '0', '2021-11-08 10:40:59', '2021-11-08 10:40:59'),
(728, '33', '45', '5', '2021-11-08 10:40:59', '2021-11-08 10:40:59'),
(729, '33', '46', '4', '2021-11-08 10:40:59', '2021-11-08 10:40:59'),
(730, '33', '47', '4', '2021-11-08 10:40:59', '2021-11-08 10:40:59'),
(731, '33', '48', '3', '2021-11-08 10:40:59', '2021-11-08 10:40:59'),
(732, '33', '49', '3', '2021-11-08 10:40:59', '2021-11-08 10:40:59'),
(733, '33', '50', '3', '2021-11-08 10:40:59', '2021-11-08 10:40:59'),
(734, '33', '51', '8', '2021-11-08 10:40:59', '2021-11-08 10:40:59');
INSERT INTO `responses` (`id`, `basic_response_id`, `question_id`, `response`, `created_at`, `updated_at`) VALUES
(735, '33', '52', '4', '2021-11-08 10:40:59', '2021-11-08 10:40:59'),
(736, '33', '53', '4', '2021-11-08 10:40:59', '2021-11-08 10:40:59'),
(737, '33', '54', '12', '2021-11-08 10:40:59', '2021-11-08 10:40:59'),
(738, '33', '55', '6', '2021-11-08 10:40:59', '2021-11-08 10:40:59'),
(739, '33', '56', '5', '2021-11-08 10:40:59', '2021-11-08 10:40:59'),
(740, '33', '57', '4', '2021-11-08 10:40:59', '2021-11-08 10:40:59'),
(741, '33', '58', '5', '2021-11-08 10:40:59', '2021-11-08 10:40:59'),
(742, '33', '59', '4', '2021-11-08 10:40:59', '2021-11-08 10:40:59'),
(743, '33', '60', '4', '2021-11-08 10:40:59', '2021-11-08 10:40:59'),
(744, '33', '61', '10', '2021-11-08 10:40:59', '2021-11-08 10:40:59'),
(745, '33', '62', '4', '2021-11-08 10:40:59', '2021-11-08 10:40:59'),
(746, '33', '63', '2', '2021-11-08 10:40:59', '2021-11-08 10:40:59'),
(747, '33', 's10', 'Nan', '2021-11-08 10:40:59', '2021-11-08 10:40:59'),
(748, '33', 's11', 'Nan', '2021-11-08 10:40:59', '2021-11-08 10:40:59'),
(749, '33', 's12', 'Nan', '2021-11-08 10:40:59', '2021-11-08 10:40:59'),
(750, '33', 's13', 'Nan', '2021-11-08 10:40:59', '2021-11-08 10:40:59'),
(751, '34', '43', '4', '2021-11-15 14:43:36', '2021-11-15 14:43:36'),
(752, '34', '44', '2', '2021-11-15 14:43:36', '2021-11-15 14:43:36'),
(753, '34', '45', '5', '2021-11-15 14:43:36', '2021-11-15 14:43:36'),
(754, '34', '46', '4', '2021-11-15 14:43:36', '2021-11-15 14:43:36'),
(755, '34', '47', '4', '2021-11-15 14:43:36', '2021-11-15 14:43:36'),
(756, '34', '48', '3', '2021-11-15 14:43:36', '2021-11-15 14:43:36'),
(757, '34', '49', '3', '2021-11-15 14:43:36', '2021-11-15 14:43:36'),
(758, '34', '50', '3', '2021-11-15 14:43:36', '2021-11-15 14:43:36'),
(759, '34', '51', '8', '2021-11-15 14:43:36', '2021-11-15 14:43:36'),
(760, '34', '52', '4', '2021-11-15 14:43:36', '2021-11-15 14:43:36'),
(761, '34', '53', '4', '2021-11-15 14:43:36', '2021-11-15 14:43:36'),
(762, '34', '54', '12', '2021-11-15 14:43:36', '2021-11-15 14:43:36'),
(763, '34', '55', '6', '2021-11-15 14:43:36', '2021-11-15 14:43:36'),
(764, '34', '56', '5', '2021-11-15 14:43:36', '2021-11-15 14:43:36'),
(765, '34', '57', '4', '2021-11-15 14:43:36', '2021-11-15 14:43:36'),
(766, '34', '58', '5', '2021-11-15 14:43:36', '2021-11-15 14:43:36'),
(767, '34', '59', '4', '2021-11-15 14:43:36', '2021-11-15 14:43:36'),
(768, '34', '60', '4', '2021-11-15 14:43:36', '2021-11-15 14:43:36'),
(769, '34', '61', '10', '2021-11-15 14:43:36', '2021-11-15 14:43:36'),
(770, '34', '62', '4', '2021-11-15 14:43:36', '2021-11-15 14:43:36'),
(771, '34', '63', '2', '2021-11-15 14:43:36', '2021-11-15 14:43:36'),
(772, '34', 's10', 'Nan', '2021-11-15 14:43:36', '2021-11-15 14:43:36'),
(773, '34', 's11', '-100', '2021-11-15 14:43:36', '2021-11-15 14:43:36'),
(774, '34', 's12', 'Nan', '2021-11-15 14:43:36', '2021-11-15 14:43:36'),
(775, '34', 's13', 'Nan', '2021-11-15 14:43:36', '2021-11-15 14:43:36'),
(776, '35', '43', '4', '2021-11-15 14:51:02', '2021-11-15 14:51:02'),
(777, '35', '44', '2', '2021-11-15 14:51:02', '2021-11-15 14:51:02'),
(778, '35', '45', '5', '2021-11-15 14:51:02', '2021-11-15 14:51:02'),
(779, '35', '46', '4', '2021-11-15 14:51:02', '2021-11-15 14:51:02'),
(780, '35', '47', '4', '2021-11-15 14:51:02', '2021-11-15 14:51:02'),
(781, '35', '48', '3', '2021-11-15 14:51:02', '2021-11-15 14:51:02'),
(782, '35', '49', '3', '2021-11-15 14:51:02', '2021-11-15 14:51:02'),
(783, '35', '50', '3', '2021-11-15 14:51:02', '2021-11-15 14:51:02'),
(784, '35', '51', '8', '2021-11-15 14:51:02', '2021-11-15 14:51:02'),
(785, '35', '52', '0', '2021-11-15 14:51:02', '2021-11-15 14:51:02'),
(786, '35', '53', '4', '2021-11-15 14:51:03', '2021-11-15 14:51:03'),
(787, '35', '54', '12', '2021-11-15 14:51:03', '2021-11-15 14:51:03'),
(788, '35', '55', '6', '2021-11-15 14:51:03', '2021-11-15 14:51:03'),
(789, '35', '56', '5', '2021-11-15 14:51:03', '2021-11-15 14:51:03'),
(790, '35', '57', '4', '2021-11-15 14:51:03', '2021-11-15 14:51:03'),
(791, '35', '58', '5', '2021-11-15 14:51:03', '2021-11-15 14:51:03'),
(792, '35', '59', '4', '2021-11-15 14:51:03', '2021-11-15 14:51:03'),
(793, '35', '60', '4', '2021-11-15 14:51:03', '2021-11-15 14:51:03'),
(794, '35', '61', '10', '2021-11-15 14:51:03', '2021-11-15 14:51:03'),
(795, '35', '62', '4', '2021-11-15 14:51:03', '2021-11-15 14:51:03'),
(796, '35', '63', '2', '2021-11-15 14:51:03', '2021-11-15 14:51:03'),
(797, '35', 's10', 'Nan', '2021-11-15 14:51:03', '2021-11-15 14:51:03'),
(798, '35', 's11', 'Nan', '2021-11-15 14:51:03', '2021-11-15 14:51:03'),
(799, '35', 's12', 'Nan', '2021-11-15 14:51:03', '2021-11-15 14:51:03'),
(800, '35', 's13', 'Nan', '2021-11-15 14:51:03', '2021-11-15 14:51:03'),
(801, '36', '1', '4', '2022-06-23 11:51:53', '2022-06-23 11:51:53'),
(802, '36', '2', '2', '2022-06-23 11:51:53', '2022-06-23 11:51:53'),
(803, '36', '3', '5', '2022-06-23 11:51:53', '2022-06-23 11:51:53'),
(804, '36', '4', '4', '2022-06-23 11:51:53', '2022-06-23 11:51:53'),
(805, '36', '5', '0', '2022-06-23 11:51:53', '2022-06-23 11:51:53'),
(806, '36', '6', '0', '2022-06-23 11:51:53', '2022-06-23 11:51:53'),
(807, '36', '7', '3', '2022-06-23 11:51:53', '2022-06-23 11:51:53'),
(808, '36', '8', '3', '2022-06-23 11:51:53', '2022-06-23 11:51:53'),
(809, '36', '9', '8', '2022-06-23 11:51:53', '2022-06-23 11:51:53'),
(810, '36', '10', '4', '2022-06-23 11:51:53', '2022-06-23 11:51:53'),
(811, '36', '11', '4', '2022-06-23 11:51:53', '2022-06-23 11:51:53'),
(812, '36', '14', '5', '2022-06-23 11:51:53', '2022-06-23 11:51:53'),
(813, '36', '12', '12', '2022-06-23 11:51:53', '2022-06-23 11:51:53'),
(814, '36', '13', '6', '2022-06-23 11:51:53', '2022-06-23 11:51:53'),
(815, '36', '15', '4', '2022-06-23 11:51:53', '2022-06-23 11:51:53'),
(816, '36', '16', '5', '2022-06-23 11:51:53', '2022-06-23 11:51:53'),
(817, '36', '17', '4', '2022-06-23 11:51:53', '2022-06-23 11:51:53'),
(818, '36', '18', '4', '2022-06-23 11:51:53', '2022-06-23 11:51:53'),
(819, '36', '19', '10', '2022-06-23 11:51:53', '2022-06-23 11:51:53'),
(820, '36', '20', '4', '2022-06-23 11:51:53', '2022-06-23 11:51:53'),
(821, '36', '21', '2', '2022-06-23 11:51:53', '2022-06-23 11:51:53'),
(822, '36', 's2', 'Nan', '2022-06-23 11:51:53', '2022-06-23 11:51:53'),
(823, '36', 's3', 'Nan', '2022-06-23 11:51:53', '2022-06-23 11:51:53'),
(824, '36', 's4', 'Nan', '2022-06-23 11:51:53', '2022-06-23 11:51:53'),
(825, '36', 's5', 'Nan', '2022-06-23 11:51:53', '2022-06-23 11:51:53');

-- --------------------------------------------------------

--
-- Table structure for table `special_questions`
--

CREATE TABLE `special_questions` (
  `id` bigint(20) UNSIGNED NOT NULL,
  `process_id` varchar(191) COLLATE utf8mb4_unicode_ci NOT NULL,
  `question_name` varchar(191) COLLATE utf8mb4_unicode_ci NOT NULL,
  `question_score` int(11) NOT NULL,
  `status` varchar(191) COLLATE utf8mb4_unicode_ci NOT NULL DEFAULT 'Active',
  `created_at` timestamp NULL DEFAULT NULL,
  `updated_at` timestamp NULL DEFAULT NULL
) ENGINE=InnoDB DEFAULT CHARSET=utf8mb4 COLLATE=utf8mb4_unicode_ci;

--
-- Dumping data for table `special_questions`
--

INSERT INTO `special_questions` (`id`, `process_id`, `question_name`, `question_score`, `status`, `created_at`, `updated_at`) VALUES
(2, '1', 'Used Kaizen?/ Customer\'s augmentation reflected/WOW factor ensured', 0, 'Active', '2021-07-26 17:35:06', '2021-07-26 17:35:06'),
(3, '1', 'If CM use any slang or bad word/Take unnecessary hold/customer\'s information disclose issue/If any agent mislead customer by providing totally wrong info/hang up the call without customer con', 0, 'Active', '2021-07-26 18:16:13', '2021-07-26 18:16:13'),
(4, '1', 'Any unauthorized system execution', 0, 'Active', '2021-07-26 18:16:28', '2021-07-26 18:16:28'),
(5, '1', 'Any fake commitment (Service/SR)', 0, 'Active', '2021-07-26 18:16:47', '2021-07-26 18:16:47'),
(6, '11', 'Used Kaizen?/ Customer\'s augmentation reflected/WOW factor ensured', 3, 'Active', '2021-09-26 10:46:21', '2021-09-26 10:46:21'),
(7, '11', 'Unprofessional Behaviour', -3, 'Active', '2021-09-26 10:46:56', '2021-09-26 10:46:56'),
(8, '11', 'Unauthorized Execution', -3, 'Active', '2021-09-26 10:47:30', '2021-09-26 10:47:30'),
(9, '11', 'Fake Commitment', -3, 'Active', '2021-09-26 10:48:01', '2021-09-26 10:48:01'),
(10, '12', 'Extra Mileage- Used Kaizen?/ Customer\'s augmentation reflected/WOW factor ensured', 10, 'Active', '2021-11-03 16:19:56', '2021-11-03 16:19:56'),
(11, '12', 'Unprofessional Behaviour', -100, 'Active', '2021-11-03 16:21:10', '2021-11-03 16:21:10'),
(12, '12', 'Unauthorized Execution', -100, 'Active', '2021-11-03 16:21:45', '2021-11-03 16:21:45'),
(13, '12', 'Fake Commitment', -100, 'Active', '2021-11-03 16:22:15', '2021-11-03 16:22:15');

--
-- Indexes for dumped tables
--

--
-- Indexes for table `audit_updates`
--
ALTER TABLE `audit_updates`
  ADD PRIMARY KEY (`id`);

--
-- Indexes for table `basic_responses`
--
ALTER TABLE `basic_responses`
  ADD PRIMARY KEY (`id`);

--
-- Indexes for table `categories`
--
ALTER TABLE `categories`
  ADD PRIMARY KEY (`id`);

--
-- Indexes for table `employees`
--
ALTER TABLE `employees`
  ADD PRIMARY KEY (`id`);

--
-- Indexes for table `emp_processes`
--
ALTER TABLE `emp_processes`
  ADD PRIMARY KEY (`id`);

--
-- Indexes for table `migrations`
--
ALTER TABLE `migrations`
  ADD PRIMARY KEY (`id`);

--
-- Indexes for table `parent_questions`
--
ALTER TABLE `parent_questions`
  ADD PRIMARY KEY (`id`);

--
-- Indexes for table `processes`
--
ALTER TABLE `processes`
  ADD PRIMARY KEY (`id`);

--
-- Indexes for table `questions`
--
ALTER TABLE `questions`
  ADD PRIMARY KEY (`id`);

--
-- Indexes for table `responses`
--
ALTER TABLE `responses`
  ADD PRIMARY KEY (`id`);

--
-- Indexes for table `special_questions`
--
ALTER TABLE `special_questions`
  ADD PRIMARY KEY (`id`);

--
-- AUTO_INCREMENT for dumped tables
--

--
-- AUTO_INCREMENT for table `audit_updates`
--
ALTER TABLE `audit_updates`
  MODIFY `id` bigint(20) UNSIGNED NOT NULL AUTO_INCREMENT, AUTO_INCREMENT=7;

--
-- AUTO_INCREMENT for table `basic_responses`
--
ALTER TABLE `basic_responses`
  MODIFY `id` bigint(20) UNSIGNED NOT NULL AUTO_INCREMENT, AUTO_INCREMENT=37;

--
-- AUTO_INCREMENT for table `categories`
--
ALTER TABLE `categories`
  MODIFY `id` bigint(20) UNSIGNED NOT NULL AUTO_INCREMENT, AUTO_INCREMENT=33;

--
-- AUTO_INCREMENT for table `employees`
--
ALTER TABLE `employees`
  MODIFY `id` bigint(20) UNSIGNED NOT NULL AUTO_INCREMENT, AUTO_INCREMENT=69;

--
-- AUTO_INCREMENT for table `emp_processes`
--
ALTER TABLE `emp_processes`
  MODIFY `id` bigint(20) UNSIGNED NOT NULL AUTO_INCREMENT, AUTO_INCREMENT=12;

--
-- AUTO_INCREMENT for table `migrations`
--
ALTER TABLE `migrations`
  MODIFY `id` int(10) UNSIGNED NOT NULL AUTO_INCREMENT, AUTO_INCREMENT=12;

--
-- AUTO_INCREMENT for table `parent_questions`
--
ALTER TABLE `parent_questions`
  MODIFY `id` bigint(20) UNSIGNED NOT NULL AUTO_INCREMENT, AUTO_INCREMENT=38;

--
-- AUTO_INCREMENT for table `processes`
--
ALTER TABLE `processes`
  MODIFY `id` bigint(20) UNSIGNED NOT NULL AUTO_INCREMENT, AUTO_INCREMENT=13;

--
-- AUTO_INCREMENT for table `questions`
--
ALTER TABLE `questions`
  MODIFY `id` bigint(20) UNSIGNED NOT NULL AUTO_INCREMENT, AUTO_INCREMENT=64;

--
-- AUTO_INCREMENT for table `responses`
--
ALTER TABLE `responses`
  MODIFY `id` bigint(20) UNSIGNED NOT NULL AUTO_INCREMENT, AUTO_INCREMENT=826;

--
-- AUTO_INCREMENT for table `special_questions`
--
ALTER TABLE `special_questions`
  MODIFY `id` bigint(20) UNSIGNED NOT NULL AUTO_INCREMENT, AUTO_INCREMENT=14;
COMMIT;

